{"id":55857,"date":"2022-07-26T12:24:57","date_gmt":"2022-07-26T10:24:57","guid":{"rendered":"https:\/\/edem.eu\/?post_type=secretaria&#038;p=55857"},"modified":"2025-07-14T13:50:47","modified_gmt":"2025-07-14T11:50:47","slug":"solicitud-titutlo-ige","status":"publish","type":"secretaria","link":"https:\/\/edem.eu\/en\/secretaria\/solicitud-titutlo-ige\/","title":{"rendered":"\u00bfC\u00f3mo solicito el t\u00edtulo de IGE?"},"content":{"rendered":"\n<div class=\"wp-block-group alignwide is-layout-constrained wp-block-group-is-layout-constrained\">\n<p class=\"has-text-align-left\">El primer paso que debes hacer es enviar un correo a: <strong>titulos@edem.es<\/strong><\/p>\n\n\n\n<p>Cuando te hayan dado una respuesta, deber\u00e1s completar la <strong>valoraci\u00f3n final de la titulaci\u00f3n<\/strong> y, una vez realizada, podr\u00e1s acceder a la <strong>solicitud del t\u00edtulo del grado<\/strong>.<\/p>\n\n\n\n<p>Para el formulario de solicitud del t\u00edtulo, deber\u00e1s adjuntar la siguiente documentaci\u00f3n:<\/p>\n\n\n\n<ul class=\"wp-block-list\">\n<li>El justificante de la transferencia realizada a la UPV.<\/li>\n\n\n\n<li>El justificante\/carnet de la bonificaci\u00f3n (si procede).<\/li>\n\n\n\n<li>Una copia del Documento Nacional de Identidad en vigor.<\/li>\n<\/ul>\n\n\n\n<p><\/p>\n\n\n\n<p>Deber\u00e1s indicar en el formulario un correo electr\u00f3nico de uso habitual, ya que recibir\u00e1s un documento que deber\u00e1 devolver firmado para poder darse por cerrado el tr\u00e1mite.<br><\/p>\n\n\n\n<p>Importante: Es necesario que se complete la valoraci\u00f3n final para poder llevar a t\u00e9rmino la solicitud del t\u00edtulo. El alumno, deber\u00e1 tener en cuenta que es un procedimiento que le llevar\u00e1 entre 5-10 minutos. Igualmente, si falta alg\u00fan documento por entregar o firmar, no se llevar\u00e1 a cabo la solicitud de expedici\u00f3n del t\u00edtulo.<\/p>\n\n\n\n<p><\/p>\n\n\n\n<div style=\"height:36px\" aria-hidden=\"true\" class=\"wp-block-spacer\"><\/div>\n<\/div>\n\n\n\n<h2 class=\"wp-block-heading\">\u00bfC\u00f3mo recoger mi t\u00edtulo de IGE?<\/h2>\n\n\n\n<p>Cuando el T\u00edtulo y el Suplemento Europeo al T\u00edtulo (SET) haya sido emitido, recibir\u00e1s un email con informaci\u00f3n para su retirada a trav\u00e9s de <strong>titulos@edem.es<\/strong>.<\/p>\n\n\n\n<p><br>Los t\u00edtulos oficiales una vez expedidos deber\u00e1n ser retirados personalmente por los interesados.<br>En el supuesto de que el T\u00edtulo no pudiera ser retirado personalmente por el interesado, \u00e9ste podr\u00e1 autorizar a otra persona, mediante poder notarial, para que lo haga en su nombre.<\/p>\n\n\n\n<div style=\"height:50px\" aria-hidden=\"true\" class=\"wp-block-spacer\"><\/div>\n\n\n\n<h2 class=\"wp-block-heading\">Otros tr\u00e1mites: <\/h2>\n\n\n\n<ul class=\"wp-block-list\">\n<li><a href=\"https:\/\/edem.eu\/secretaria\/duplicado-de-titulo-solicitud-por-extravio\/\">Duplicado de T\u00edtulo: solicitud por extrav\u00edo<\/a><\/li>\n\n\n\n<li><a href=\"https:\/\/edem.eu\/secretaria\/duplicado-de-titulo-deterioro-rectificacion-cambio-de-nombre-apellidos-o-nacionalidad-fallecimiento-incorporacion-especialidades-o-premios\/\">Duplicado de T\u00edtulo: deterioro; rectificaci\u00f3n, cambio de nombre, apellidos o nacionalidad; fallecimiento; incorporaci\u00f3n especialidades o premios.<\/a><\/li>\n\n\n\n<li><a href=\"https:\/\/edem.eu\/secretaria\/procedimiento-para-la-legalizacion-de-documentos-academicos-universitarios-oficiales-que-han-de-surtir-efecto-en-el-extranjero\/\">Procedimiento para la legalizaci\u00f3n de documentos acad\u00e9micos universitarios oficiales que han de surtir efecto en el extranjero.<\/a><\/li>\n<\/ul>\n","protected":false},"featured_media":0,"template":"","cat_secretaria":[292,272],"class_list":["post-55857","secretaria","type-secretaria","status-publish","hentry","cat_secretaria-egresados","cat_secretaria-grado-ige"],"acf":[],"yoast_head":"<!-- This site is optimized with the Yoast SEO plugin v27.5 - https:\/\/yoast.com\/product\/yoast-seo-wordpress\/ -->\n<title>\u00bfC\u00f3mo solicito el t\u00edtulo de IGE? - EDEM Escuela de Empresarios<\/title>\n<meta name=\"robots\" content=\"noindex, follow\" \/>\n<meta property=\"og:locale\" content=\"en_US\" \/>\n<meta property=\"og:type\" content=\"article\" \/>\n<meta property=\"og:title\" content=\"\u00bfC\u00f3mo solicito el t\u00edtulo de IGE? - EDEM Escuela de Empresarios\" \/>\n<meta property=\"og:description\" content=\"El primer paso que debes hacer es enviar un correo a: titulos@edem.es Cuando te hayan dado una respuesta, deber\u00e1s completar la valoraci\u00f3n final de la titulaci\u00f3n y, una vez realizada, podr\u00e1s acceder a la solicitud del t\u00edtulo del grado. Para el formulario de solicitud del t\u00edtulo, deber\u00e1s adjuntar la siguiente documentaci\u00f3n: Deber\u00e1s indicar en el [&hellip;]\" \/>\n<meta property=\"og:url\" content=\"https:\/\/edem.eu\/secretaria\/solicitud-titutlo-ige\/\" \/>\n<meta property=\"og:site_name\" content=\"EDEM Escuela de Empresarios\" \/>\n<meta property=\"article:modified_time\" content=\"2025-07-14T11:50:47+00:00\" \/>\n<meta name=\"twitter:card\" content=\"summary_large_image\" \/>\n<meta name=\"twitter:label1\" content=\"Est. reading time\" \/>\n\t<meta name=\"twitter:data1\" content=\"2 minutes\" \/>\n<!-- \/ Yoast SEO plugin. -->","yoast_head_json":{"title":"\u00bfC\u00f3mo solicito el t\u00edtulo de IGE? - EDEM Escuela de Empresarios","robots":{"index":"noindex","follow":"follow"},"og_locale":"en_US","og_type":"article","og_title":"\u00bfC\u00f3mo solicito el t\u00edtulo de IGE? - EDEM Escuela de Empresarios","og_description":"El primer paso que debes hacer es enviar un correo a: titulos@edem.es Cuando te hayan dado una respuesta, deber\u00e1s completar la valoraci\u00f3n final de la titulaci\u00f3n y, una vez realizada, podr\u00e1s acceder a la solicitud del t\u00edtulo del grado. Para el formulario de solicitud del t\u00edtulo, deber\u00e1s adjuntar la siguiente documentaci\u00f3n: Deber\u00e1s indicar en el [&hellip;]","og_url":"https:\/\/edem.eu\/secretaria\/solicitud-titutlo-ige\/","og_site_name":"EDEM Escuela de Empresarios","article_modified_time":"2025-07-14T11:50:47+00:00","twitter_card":"summary_large_image","twitter_misc":{"Est. reading time":"2 minutes"},"schema":{"@context":"https:\/\/schema.org","@graph":[{"@type":"WebPage","@id":"https:\/\/edem.eu\/secretaria\/solicitud-titutlo-ige\/","url":"https:\/\/edem.eu\/secretaria\/solicitud-titutlo-ige\/","name":"\u00bfC\u00f3mo solicito el t\u00edtulo de IGE? - EDEM Escuela de Empresarios","isPartOf":{"@id":"https:\/\/edem.eu\/#website"},"datePublished":"2022-07-26T10:24:57+00:00","dateModified":"2025-07-14T11:50:47+00:00","breadcrumb":{"@id":"https:\/\/edem.eu\/secretaria\/solicitud-titutlo-ige\/#breadcrumb"},"inLanguage":"en-US","potentialAction":[{"@type":"ReadAction","target":["https:\/\/edem.eu\/secretaria\/solicitud-titutlo-ige\/"]}]},{"@type":"BreadcrumbList","@id":"https:\/\/edem.eu\/secretaria\/solicitud-titutlo-ige\/#breadcrumb","itemListElement":[{"@type":"ListItem","position":1,"name":"Portada","item":"https:\/\/edem.eu\/en\/"},{"@type":"ListItem","position":2,"name":"\u00bfC\u00f3mo solicito el t\u00edtulo de IGE?"}]},{"@type":"WebSite","@id":"https:\/\/edem.eu\/#website","url":"https:\/\/edem.eu\/","name":"EDEM Escuela de Empresarios","description":"","publisher":{"@id":"https:\/\/edem.eu\/#organization"},"potentialAction":[{"@type":"SearchAction","target":{"@type":"EntryPoint","urlTemplate":"https:\/\/edem.eu\/?s={search_term_string}"},"query-input":{"@type":"PropertyValueSpecification","valueRequired":true,"valueName":"search_term_string"}}],"inLanguage":"en-US"},{"@type":"Organization","@id":"https:\/\/edem.eu\/#organization","name":"EDEM Escuela de Empresarios","url":"https:\/\/edem.eu\/","logo":{"@type":"ImageObject","inLanguage":"en-US","@id":"https:\/\/edem.eu\/#\/schema\/logo\/image\/","url":"https:\/\/edem.eu\/wp-content\/uploads\/2019\/09\/cropped-logo-Edem.png","contentUrl":"https:\/\/edem.eu\/wp-content\/uploads\/2019\/09\/cropped-logo-Edem.png","width":107,"height":25,"caption":"EDEM Escuela de Empresarios"},"image":{"@id":"https:\/\/edem.eu\/#\/schema\/logo\/image\/"}}]}},"_links":{"self":[{"href":"https:\/\/edem.eu\/en\/wp-json\/wp\/v2\/secretaria\/55857","targetHints":{"allow":["GET"]}}],"collection":[{"href":"https:\/\/edem.eu\/en\/wp-json\/wp\/v2\/secretaria"}],"about":[{"href":"https:\/\/edem.eu\/en\/wp-json\/wp\/v2\/types\/secretaria"}],"wp:attachment":[{"href":"https:\/\/edem.eu\/en\/wp-json\/wp\/v2\/media?parent=55857"}],"wp:term":[{"taxonomy":"cat_secretaria","embeddable":true,"href":"https:\/\/edem.eu\/en\/wp-json\/wp\/v2\/cat_secretaria?post=55857"}],"curies":[{"name":"wp","href":"https:\/\/api.w.org\/{rel}","templated":true}]}}

¿Cómo solicito el título de IGE?

<div class="wp-block-group alignwide is-layout-constrained wp-block-group-is-layout-constrained">
<p class="has-text-align-left">El primer paso que debes hacer es enviar un correo a: <strong>titulos@edem.es</strong></p>



<p>Cuando te hayan dado una respuesta, deberás completar la <strong>valoración final de la titulación</strong> y, una vez realizada, podrás acceder a la <strong>solicitud del título del grado</strong>.</p>



<p>Para el formulario de solicitud del título, deberás adjuntar la siguiente documentación:</p>



<ul class="wp-block-list">
<li>El justificante de la transferencia realizada a la UPV.</li>



<li>El justificante/carnet de la bonificación (si procede).</li>



<li>Una copia del Documento Nacional de Identidad en vigor.</li>
</ul>



<p></p>



<p>Deberás indicar en el formulario un correo electrónico de uso habitual, ya que recibirás un documento que deberá devolver firmado para poder darse por cerrado el trámite.<br></p>



<p>Importante: Es necesario que se complete la valoración final para poder llevar a término la solicitud del título. El alumno, deberá tener en cuenta que es un procedimiento que le llevará entre 5-10 minutos. Igualmente, si falta algún documento por entregar o firmar, no se llevará a cabo la solicitud de expedición del título.</p>



<p></p>



<div style="height:36px" aria-hidden="true" class="wp-block-spacer"></div>
</div>



<h2 class="wp-block-heading">¿Cómo recoger mi título de IGE?</h2>



<p>Cuando el Título y el Suplemento Europeo al Título (SET) haya sido emitido, recibirás un email con información para su retirada a través de <strong>titulos@edem.es</strong>.</p>



<p><br>Los títulos oficiales una vez expedidos deberán ser retirados personalmente por los interesados.<br>En el supuesto de que el Título no pudiera ser retirado personalmente por el interesado, éste podrá autorizar a otra persona, mediante poder notarial, para que lo haga en su nombre.</p>



<div style="height:50px" aria-hidden="true" class="wp-block-spacer"></div>



<h2 class="wp-block-heading">Otros trámites: </h2>



<ul class="wp-block-list">
<li><a href="https://edem.eu/secretaria/duplicado-de-titulo-solicitud-por-extravio/">Duplicado de Título: solicitud por extravío</a></li>



<li><a href="https://edem.eu/secretaria/duplicado-de-titulo-deterioro-rectificacion-cambio-de-nombre-apellidos-o-nacionalidad-fallecimiento-incorporacion-especialidades-o-premios/">Duplicado de Título: deterioro; rectificación, cambio de nombre, apellidos o nacionalidad; fallecimiento; incorporación especialidades o premios.</a></li>



<li><a href="https://edem.eu/secretaria/procedimiento-para-la-legalizacion-de-documentos-academicos-universitarios-oficiales-que-han-de-surtir-efecto-en-el-extranjero/">Procedimiento para la legalización de documentos académicos universitarios oficiales que han de surtir efecto en el extranjero.</a></li>
</ul>

<!-- This site is optimized with the Yoast SEO plugin v27.5 - https://yoast.com/product/yoast-seo-wordpress/ -->
<title>¿Cómo solicito el título de IGE? - EDEM Escuela de Empresarios</title>
<meta name="robots" content="noindex, follow" />
<meta property="og:locale" content="en_US" />
<meta property="og:type" content="article" />
<meta property="og:title" content="¿Cómo solicito el título de IGE? - EDEM Escuela de Empresarios" />
<meta property="og:description" content="El primer paso que debes hacer es enviar un correo a: titulos@edem.es Cuando te hayan dado una respuesta, deberás completar la valoración final de la titulación y, una vez realizada, podrás acceder a la solicitud del título del grado. Para el formulario de solicitud del título, deberás adjuntar la siguiente documentación: Deberás indicar en el [&hellip;]" />
<meta property="og:url" content="https://edem.eu/secretaria/solicitud-titutlo-ige/" />
<meta property="og:site_name" content="EDEM Escuela de Empresarios" />
<meta property="article:modified_time" content="2025-07-14T11:50:47+00:00" />
<meta name="twitter:card" content="summary_large_image" />
<meta name="twitter:label1" content="Est. reading time" />
	<meta name="twitter:data1" content="2 minutes" />
<!-- / Yoast SEO plugin. -->

¿Cómo solicito el título de IGE? - EDEM Escuela de Empresarios

El primer paso que debes hacer es enviar un correo a: titulos@edem.es Cuando te hayan dado una respuesta, deberás completar la valoración final de la titulación y, una vez realizada, podrás acceder a la solicitud del título del grado. Para el formulario de solicitud del título, deberás adjuntar la siguiente documentación: Deberás indicar en el [&hellip;]
