{"id":55894,"date":"2022-07-26T17:45:46","date_gmt":"2022-07-26T15:45:46","guid":{"rendered":"https:\/\/edem.eu\/?post_type=secretaria&#038;p=55894"},"modified":"2024-04-04T18:14:14","modified_gmt":"2024-04-04T16:14:14","slug":"duplicado-de-titulo-deterioro-rectificacion-cambio-de-nombre-apellidos-o-nacionalidad-fallecimiento-incorporacion-especialidades-o-premios","status":"publish","type":"secretaria","link":"https:\/\/edem.eu\/en\/secretaria\/duplicado-de-titulo-deterioro-rectificacion-cambio-de-nombre-apellidos-o-nacionalidad-fallecimiento-incorporacion-especialidades-o-premios\/","title":{"rendered":"Duplicado de T\u00edtulo: deterioro o rectificaci\u00f3n"},"content":{"rendered":"\n<h2 class=\"wp-block-heading\">\u00bfC\u00f3mo solicitar un duplicado de t\u00edtulo por deterioro; rectificaci\u00f3n, cambio de nombre, apellidos o nacionalidad; fallecimiento; incorporaci\u00f3n especialidades o premios?<\/h2>\n\n\n\n<div style=\"height:32px\" aria-hidden=\"true\" class=\"wp-block-spacer\"><\/div>\n\n\n\n<h4 class=\"has-text-color wp-block-heading\" style=\"color:#1288ac\">T\u00edtulo de Grado ADE<\/h4>\n\n\n\n<p>Los alumnos de EDEM cuyo t\u00edtulo haya sido emitido por la UV, podr\u00e1n solicitar un duplicado del mismo. Para ello, deben dirigirse a la Secretar\u00eda de la Facultad de Econom\u00eda.<\/p>\n\n\n\n<p>En el caso de cambio de nombre\/apellidos, deber\u00e1n aportar adicionalmente la partida de nacimiento emitida por el Registro Civil.<\/p>\n\n\n\n<p>El interesado\/a solicitar\u00e1 cita previa para presentar en Secretar\u00eda el t\u00edtulo deteriorado junto con la inst\u00e0ncia general y fotocopia del DNI en vigor.<\/p>\n\n\n\n<p>En Secretar\u00eda, se le generar\u00e1 un recibo de duplicado por modificaci\u00f3n, cuyo importe ser\u00e1 de 27,34 euros.<\/p>\n\n\n\n<p>Una vez adjunte la confirmaci\u00f3n del pago a tituloseconomia@uv.es se realizar\u00e1 el dep\u00f3sito provisional de su t\u00edtulo y se tramitar\u00e1 el duplicado.<\/p>\n\n\n\n<div style=\"height:27px\" aria-hidden=\"true\" class=\"wp-block-spacer\"><\/div>\n\n\n\n<div class=\"wp-block-buttons is-layout-flex wp-block-buttons-is-layout-flex\">\n<div class=\"wp-block-button\"><a class=\"wp-block-button__link has-background wp-element-button\" href=\"https:\/\/57a6xb0gvlc.typeform.com\/to\/hc46nFLW\" style=\"background-color:#1288ac\" target=\"_blank\" rel=\"noreferrer noopener\">Solicitar duplicado ADE<\/a><\/div>\n<\/div>\n\n\n\n<div style=\"height:60px\" aria-hidden=\"true\" class=\"wp-block-spacer\"><\/div>\n\n\n\n<h4 class=\"has-text-color wp-block-heading\" style=\"color:#1288ac\">T\u00edtulo de Grado IGE<\/h4>\n\n\n\n<p>Los alumnos de EDEM cuyo t\u00edtulo haya sido emitido por la UPV, podr\u00e1n solicitar un duplicado del mismo. Para ello, deben dirigirse a la Unidad de T\u00edtulos del Servicio de Alumnado de la UPV (no a la Secretar\u00eda de EDEM) y aportar la siguiente documentaci\u00f3n:<\/p>\n\n\n\n<ul class=\"wp-block-list\">\n<li>En cualquier caso, t\u00edtulo original, solicitud formal de duplicado, motivando las causas, y las tasas correspondientes.<\/li>\n<\/ul>\n\n\n\n<p><\/p>\n\n\n\n<ul class=\"wp-block-list\">\n<li>En el caso de cambio de nombre\/apellidos, deber\u00e1n aportar adicionalmente la partida de nacimiento emitida por el Registro Civil.<\/li>\n<\/ul>\n\n\n\n<div style=\"height:32px\" aria-hidden=\"true\" class=\"wp-block-spacer\"><\/div>\n\n\n\n<div class=\"wp-block-buttons is-layout-flex wp-block-buttons-is-layout-flex\">\n<div class=\"wp-block-button is-style-fill\"><a class=\"wp-block-button__link has-background wp-element-button\" href=\"https:\/\/57a6xb0gvlc.typeform.com\/to\/uz4wXTKR\" style=\"background-color:#1288ac\" target=\"_blank\" rel=\"noreferrer noopener\">Solicitar duplicado IGE<\/a><\/div>\n<\/div>\n","protected":false},"featured_media":0,"template":"","cat_secretaria":[292],"class_list":["post-55894","secretaria","type-secretaria","status-publish","hentry","cat_secretaria-egresados"],"acf":[],"yoast_head":"<!-- This site is optimized with the Yoast SEO plugin v27.5 - https:\/\/yoast.com\/product\/yoast-seo-wordpress\/ -->\n<title>Duplicado de T\u00edtulo: deterioro o rectificaci\u00f3n - EDEM Escuela de Empresarios<\/title>\n<meta name=\"robots\" content=\"noindex, follow\" \/>\n<meta property=\"og:locale\" content=\"en_US\" \/>\n<meta property=\"og:type\" content=\"article\" \/>\n<meta property=\"og:title\" content=\"Duplicado de T\u00edtulo: deterioro o rectificaci\u00f3n - EDEM Escuela de Empresarios\" \/>\n<meta property=\"og:description\" content=\"\u00bfC\u00f3mo solicitar un duplicado de t\u00edtulo por deterioro; rectificaci\u00f3n, cambio de nombre, apellidos o nacionalidad; fallecimiento; incorporaci\u00f3n especialidades o premios? T\u00edtulo de Grado ADE Los alumnos de EDEM cuyo t\u00edtulo haya sido emitido por la UV, podr\u00e1n solicitar un duplicado del mismo. Para ello, deben dirigirse a la Secretar\u00eda de la Facultad de Econom\u00eda. En [&hellip;]\" \/>\n<meta property=\"og:url\" content=\"https:\/\/edem.eu\/secretaria\/duplicado-de-titulo-deterioro-rectificacion-cambio-de-nombre-apellidos-o-nacionalidad-fallecimiento-incorporacion-especialidades-o-premios\/\" \/>\n<meta property=\"og:site_name\" content=\"EDEM Escuela de Empresarios\" \/>\n<meta property=\"article:modified_time\" content=\"2024-04-04T16:14:14+00:00\" \/>\n<meta name=\"twitter:card\" content=\"summary_large_image\" \/>\n<meta name=\"twitter:label1\" content=\"Est. reading time\" \/>\n\t<meta name=\"twitter:data1\" content=\"2 minutes\" \/>\n<!-- \/ Yoast SEO plugin. -->","yoast_head_json":{"title":"Duplicado de T\u00edtulo: deterioro o rectificaci\u00f3n - EDEM Escuela de Empresarios","robots":{"index":"noindex","follow":"follow"},"og_locale":"en_US","og_type":"article","og_title":"Duplicado de T\u00edtulo: deterioro o rectificaci\u00f3n - EDEM Escuela de Empresarios","og_description":"\u00bfC\u00f3mo solicitar un duplicado de t\u00edtulo por deterioro; rectificaci\u00f3n, cambio de nombre, apellidos o nacionalidad; fallecimiento; incorporaci\u00f3n especialidades o premios? T\u00edtulo de Grado ADE Los alumnos de EDEM cuyo t\u00edtulo haya sido emitido por la UV, podr\u00e1n solicitar un duplicado del mismo. Para ello, deben dirigirse a la Secretar\u00eda de la Facultad de Econom\u00eda. En [&hellip;]","og_url":"https:\/\/edem.eu\/secretaria\/duplicado-de-titulo-deterioro-rectificacion-cambio-de-nombre-apellidos-o-nacionalidad-fallecimiento-incorporacion-especialidades-o-premios\/","og_site_name":"EDEM Escuela de Empresarios","article_modified_time":"2024-04-04T16:14:14+00:00","twitter_card":"summary_large_image","twitter_misc":{"Est. reading time":"2 minutes"},"schema":{"@context":"https:\/\/schema.org","@graph":[{"@type":"WebPage","@id":"https:\/\/edem.eu\/secretaria\/duplicado-de-titulo-deterioro-rectificacion-cambio-de-nombre-apellidos-o-nacionalidad-fallecimiento-incorporacion-especialidades-o-premios\/","url":"https:\/\/edem.eu\/secretaria\/duplicado-de-titulo-deterioro-rectificacion-cambio-de-nombre-apellidos-o-nacionalidad-fallecimiento-incorporacion-especialidades-o-premios\/","name":"Duplicado de T\u00edtulo: deterioro o rectificaci\u00f3n - EDEM Escuela de Empresarios","isPartOf":{"@id":"https:\/\/edem.eu\/#website"},"datePublished":"2022-07-26T15:45:46+00:00","dateModified":"2024-04-04T16:14:14+00:00","breadcrumb":{"@id":"https:\/\/edem.eu\/secretaria\/duplicado-de-titulo-deterioro-rectificacion-cambio-de-nombre-apellidos-o-nacionalidad-fallecimiento-incorporacion-especialidades-o-premios\/#breadcrumb"},"inLanguage":"en-US","potentialAction":[{"@type":"ReadAction","target":["https:\/\/edem.eu\/secretaria\/duplicado-de-titulo-deterioro-rectificacion-cambio-de-nombre-apellidos-o-nacionalidad-fallecimiento-incorporacion-especialidades-o-premios\/"]}]},{"@type":"BreadcrumbList","@id":"https:\/\/edem.eu\/secretaria\/duplicado-de-titulo-deterioro-rectificacion-cambio-de-nombre-apellidos-o-nacionalidad-fallecimiento-incorporacion-especialidades-o-premios\/#breadcrumb","itemListElement":[{"@type":"ListItem","position":1,"name":"Portada","item":"https:\/\/edem.eu\/en\/"},{"@type":"ListItem","position":2,"name":"Duplicado de T\u00edtulo: deterioro o rectificaci\u00f3n"}]},{"@type":"WebSite","@id":"https:\/\/edem.eu\/#website","url":"https:\/\/edem.eu\/","name":"EDEM Escuela de Empresarios","description":"","publisher":{"@id":"https:\/\/edem.eu\/#organization"},"potentialAction":[{"@type":"SearchAction","target":{"@type":"EntryPoint","urlTemplate":"https:\/\/edem.eu\/?s={search_term_string}"},"query-input":{"@type":"PropertyValueSpecification","valueRequired":true,"valueName":"search_term_string"}}],"inLanguage":"en-US"},{"@type":"Organization","@id":"https:\/\/edem.eu\/#organization","name":"EDEM Escuela de Empresarios","url":"https:\/\/edem.eu\/","logo":{"@type":"ImageObject","inLanguage":"en-US","@id":"https:\/\/edem.eu\/#\/schema\/logo\/image\/","url":"https:\/\/edem.eu\/wp-content\/uploads\/2019\/09\/cropped-logo-Edem.png","contentUrl":"https:\/\/edem.eu\/wp-content\/uploads\/2019\/09\/cropped-logo-Edem.png","width":107,"height":25,"caption":"EDEM Escuela de Empresarios"},"image":{"@id":"https:\/\/edem.eu\/#\/schema\/logo\/image\/"}}]}},"_links":{"self":[{"href":"https:\/\/edem.eu\/en\/wp-json\/wp\/v2\/secretaria\/55894","targetHints":{"allow":["GET"]}}],"collection":[{"href":"https:\/\/edem.eu\/en\/wp-json\/wp\/v2\/secretaria"}],"about":[{"href":"https:\/\/edem.eu\/en\/wp-json\/wp\/v2\/types\/secretaria"}],"wp:attachment":[{"href":"https:\/\/edem.eu\/en\/wp-json\/wp\/v2\/media?parent=55894"}],"wp:term":[{"taxonomy":"cat_secretaria","embeddable":true,"href":"https:\/\/edem.eu\/en\/wp-json\/wp\/v2\/cat_secretaria?post=55894"}],"curies":[{"name":"wp","href":"https:\/\/api.w.org\/{rel}","templated":true}]}}

Duplicado de Título: deterioro o rectificación

<h2 class="wp-block-heading">¿Cómo solicitar un duplicado de título por deterioro; rectificación, cambio de nombre, apellidos o nacionalidad; fallecimiento; incorporación especialidades o premios?</h2>



<div style="height:32px" aria-hidden="true" class="wp-block-spacer"></div>



<h4 class="has-text-color wp-block-heading" style="color:#1288ac">Título de Grado ADE</h4>



<p>Los alumnos de EDEM cuyo título haya sido emitido por la UV, podrán solicitar un duplicado del mismo. Para ello, deben dirigirse a la Secretaría de la Facultad de Economía.</p>



<p>En el caso de cambio de nombre/apellidos, deberán aportar adicionalmente la partida de nacimiento emitida por el Registro Civil.</p>



<p>El interesado/a solicitará cita previa para presentar en Secretaría el título deteriorado junto con la instància general y fotocopia del DNI en vigor.</p>



<p>En Secretaría, se le generará un recibo de duplicado por modificación, cuyo importe será de 27,34 euros.</p>



<p>Una vez adjunte la confirmación del pago a tituloseconomia@uv.es se realizará el depósito provisional de su título y se tramitará el duplicado.</p>



<div style="height:27px" aria-hidden="true" class="wp-block-spacer"></div>



<div class="wp-block-buttons is-layout-flex wp-block-buttons-is-layout-flex">
<div class="wp-block-button"><a class="wp-block-button__link has-background wp-element-button" href="https://57a6xb0gvlc.typeform.com/to/hc46nFLW" style="background-color:#1288ac" target="_blank" rel="noreferrer noopener">Solicitar duplicado ADE</a></div>
</div>



<div style="height:60px" aria-hidden="true" class="wp-block-spacer"></div>



<h4 class="has-text-color wp-block-heading" style="color:#1288ac">Título de Grado IGE</h4>



<p>Los alumnos de EDEM cuyo título haya sido emitido por la UPV, podrán solicitar un duplicado del mismo. Para ello, deben dirigirse a la Unidad de Títulos del Servicio de Alumnado de la UPV (no a la Secretaría de EDEM) y aportar la siguiente documentación:</p>



<ul class="wp-block-list">
<li>En cualquier caso, título original, solicitud formal de duplicado, motivando las causas, y las tasas correspondientes.</li>
</ul>



<p></p>



<ul class="wp-block-list">
<li>En el caso de cambio de nombre/apellidos, deberán aportar adicionalmente la partida de nacimiento emitida por el Registro Civil.</li>
</ul>



<div style="height:32px" aria-hidden="true" class="wp-block-spacer"></div>



<div class="wp-block-buttons is-layout-flex wp-block-buttons-is-layout-flex">
<div class="wp-block-button is-style-fill"><a class="wp-block-button__link has-background wp-element-button" href="https://57a6xb0gvlc.typeform.com/to/uz4wXTKR" style="background-color:#1288ac" target="_blank" rel="noreferrer noopener">Solicitar duplicado IGE</a></div>
</div>

<!-- This site is optimized with the Yoast SEO plugin v27.5 - https://yoast.com/product/yoast-seo-wordpress/ -->
<title>Duplicado de Título: deterioro o rectificación - EDEM Escuela de Empresarios</title>
<meta name="robots" content="noindex, follow" />
<meta property="og:locale" content="en_US" />
<meta property="og:type" content="article" />
<meta property="og:title" content="Duplicado de Título: deterioro o rectificación - EDEM Escuela de Empresarios" />
<meta property="og:description" content="¿Cómo solicitar un duplicado de título por deterioro; rectificación, cambio de nombre, apellidos o nacionalidad; fallecimiento; incorporación especialidades o premios? Título de Grado ADE Los alumnos de EDEM cuyo título haya sido emitido por la UV, podrán solicitar un duplicado del mismo. Para ello, deben dirigirse a la Secretaría de la Facultad de Economía. En [&hellip;]" />
<meta property="og:url" content="https://edem.eu/secretaria/duplicado-de-titulo-deterioro-rectificacion-cambio-de-nombre-apellidos-o-nacionalidad-fallecimiento-incorporacion-especialidades-o-premios/" />
<meta property="og:site_name" content="EDEM Escuela de Empresarios" />
<meta property="article:modified_time" content="2024-04-04T16:14:14+00:00" />
<meta name="twitter:card" content="summary_large_image" />
<meta name="twitter:label1" content="Est. reading time" />
	<meta name="twitter:data1" content="2 minutes" />
<!-- / Yoast SEO plugin. -->

Duplicado de Título: deterioro o rectificación - EDEM Escuela de Empresarios

¿Cómo solicitar un duplicado de título por deterioro; rectificación, cambio de nombre, apellidos o nacionalidad; fallecimiento; incorporación especialidades o premios? Título de Grado ADE Los alumnos de EDEM cuyo título haya sido emitido por la UV, podrán solicitar un duplicado del mismo. Para ello, deben dirigirse a la Secretaría de la Facultad de Economía. En [&hellip;]
