{"id":55898,"date":"2023-04-06T09:25:54","date_gmt":"2023-04-06T07:25:54","guid":{"rendered":"https:\/\/edem.eu\/?post_type=secretaria&#038;p=55898"},"modified":"2024-04-04T18:17:51","modified_gmt":"2024-04-04T16:17:51","slug":"formas-de-recogida-titulo-ade","status":"publish","type":"secretaria","link":"https:\/\/edem.eu\/en\/secretaria\/formas-de-recogida-titulo-ade\/","title":{"rendered":"Formas de recogida t\u00edtulo ADE"},"content":{"rendered":"\n<p>Cuando el T\u00edtulo y el Suplemento Europeo al T\u00edtulo (SET) haya sido emitido, recibir\u00e1s una comunicaci\u00f3n con informaci\u00f3n para la retirada de tu t\u00edtulo a trav\u00e9s de titulos@edem.es.<\/p>\n\n\n\n<p><br>Los t\u00edtulos oficiales una vez expedidos deber\u00e1n<strong> ser retirados personalmente por el interesado.<\/strong><br>En el supuesto de que el T\u00edtulo no pudiera ser retirado personalmente por el interesado, <strong>podr\u00e1s autorizar a otra persona, mediante poder notarial,<\/strong> para que lo haga en tu nombre.<\/p>\n","protected":false},"featured_media":0,"template":"","cat_secretaria":[292,273],"class_list":["post-55898","secretaria","type-secretaria","status-publish","hentry","cat_secretaria-egresados","cat_secretaria-grado-ade"],"acf":[],"yoast_head":"<!-- This site is optimized with the Yoast SEO plugin v27.5 - https:\/\/yoast.com\/product\/yoast-seo-wordpress\/ -->\n<title>Formas de recogida t\u00edtulo ADE - EDEM Escuela de Empresarios<\/title>\n<meta name=\"robots\" content=\"noindex, follow\" \/>\n<meta property=\"og:locale\" content=\"en_US\" \/>\n<meta property=\"og:type\" content=\"article\" \/>\n<meta property=\"og:title\" content=\"Formas de recogida t\u00edtulo ADE - EDEM Escuela de Empresarios\" \/>\n<meta property=\"og:description\" content=\"Cuando el T\u00edtulo y el Suplemento Europeo al T\u00edtulo (SET) haya sido emitido, recibir\u00e1s una comunicaci\u00f3n con informaci\u00f3n para la retirada de tu t\u00edtulo a trav\u00e9s de titulos@edem.es. Los t\u00edtulos oficiales una vez expedidos deber\u00e1n ser retirados personalmente por el interesado.En el supuesto de que el T\u00edtulo no pudiera ser retirado personalmente por el interesado, [&hellip;]\" \/>\n<meta property=\"og:url\" content=\"https:\/\/edem.eu\/secretaria\/formas-de-recogida-titulo-ade\/\" \/>\n<meta property=\"og:site_name\" content=\"EDEM Escuela de Empresarios\" \/>\n<meta property=\"article:modified_time\" content=\"2024-04-04T16:17:51+00:00\" \/>\n<meta name=\"twitter:card\" content=\"summary_large_image\" \/>\n<meta name=\"twitter:label1\" content=\"Est. reading time\" \/>\n\t<meta name=\"twitter:data1\" content=\"1 minute\" \/>\n<!-- \/ Yoast SEO plugin. -->","yoast_head_json":{"title":"Formas de recogida t\u00edtulo ADE - EDEM Escuela de Empresarios","robots":{"index":"noindex","follow":"follow"},"og_locale":"en_US","og_type":"article","og_title":"Formas de recogida t\u00edtulo ADE - EDEM Escuela de Empresarios","og_description":"Cuando el T\u00edtulo y el Suplemento Europeo al T\u00edtulo (SET) haya sido emitido, recibir\u00e1s una comunicaci\u00f3n con informaci\u00f3n para la retirada de tu t\u00edtulo a trav\u00e9s de titulos@edem.es. Los t\u00edtulos oficiales una vez expedidos deber\u00e1n ser retirados personalmente por el interesado.En el supuesto de que el T\u00edtulo no pudiera ser retirado personalmente por el interesado, [&hellip;]","og_url":"https:\/\/edem.eu\/secretaria\/formas-de-recogida-titulo-ade\/","og_site_name":"EDEM Escuela de Empresarios","article_modified_time":"2024-04-04T16:17:51+00:00","twitter_card":"summary_large_image","twitter_misc":{"Est. reading time":"1 minute"},"schema":{"@context":"https:\/\/schema.org","@graph":[{"@type":"WebPage","@id":"https:\/\/edem.eu\/secretaria\/formas-de-recogida-titulo-ade\/","url":"https:\/\/edem.eu\/secretaria\/formas-de-recogida-titulo-ade\/","name":"Formas de recogida t\u00edtulo ADE - EDEM Escuela de Empresarios","isPartOf":{"@id":"https:\/\/edem.eu\/#website"},"datePublished":"2023-04-06T07:25:54+00:00","dateModified":"2024-04-04T16:17:51+00:00","breadcrumb":{"@id":"https:\/\/edem.eu\/secretaria\/formas-de-recogida-titulo-ade\/#breadcrumb"},"inLanguage":"en-US","potentialAction":[{"@type":"ReadAction","target":["https:\/\/edem.eu\/secretaria\/formas-de-recogida-titulo-ade\/"]}]},{"@type":"BreadcrumbList","@id":"https:\/\/edem.eu\/secretaria\/formas-de-recogida-titulo-ade\/#breadcrumb","itemListElement":[{"@type":"ListItem","position":1,"name":"Portada","item":"https:\/\/edem.eu\/en\/"},{"@type":"ListItem","position":2,"name":"Formas de recogida t\u00edtulo ADE"}]},{"@type":"WebSite","@id":"https:\/\/edem.eu\/#website","url":"https:\/\/edem.eu\/","name":"EDEM Escuela de Empresarios","description":"","publisher":{"@id":"https:\/\/edem.eu\/#organization"},"potentialAction":[{"@type":"SearchAction","target":{"@type":"EntryPoint","urlTemplate":"https:\/\/edem.eu\/?s={search_term_string}"},"query-input":{"@type":"PropertyValueSpecification","valueRequired":true,"valueName":"search_term_string"}}],"inLanguage":"en-US"},{"@type":"Organization","@id":"https:\/\/edem.eu\/#organization","name":"EDEM Escuela de Empresarios","url":"https:\/\/edem.eu\/","logo":{"@type":"ImageObject","inLanguage":"en-US","@id":"https:\/\/edem.eu\/#\/schema\/logo\/image\/","url":"https:\/\/edem.eu\/wp-content\/uploads\/2019\/09\/cropped-logo-Edem.png","contentUrl":"https:\/\/edem.eu\/wp-content\/uploads\/2019\/09\/cropped-logo-Edem.png","width":107,"height":25,"caption":"EDEM Escuela de Empresarios"},"image":{"@id":"https:\/\/edem.eu\/#\/schema\/logo\/image\/"}}]}},"_links":{"self":[{"href":"https:\/\/edem.eu\/en\/wp-json\/wp\/v2\/secretaria\/55898","targetHints":{"allow":["GET"]}}],"collection":[{"href":"https:\/\/edem.eu\/en\/wp-json\/wp\/v2\/secretaria"}],"about":[{"href":"https:\/\/edem.eu\/en\/wp-json\/wp\/v2\/types\/secretaria"}],"wp:attachment":[{"href":"https:\/\/edem.eu\/en\/wp-json\/wp\/v2\/media?parent=55898"}],"wp:term":[{"taxonomy":"cat_secretaria","embeddable":true,"href":"https:\/\/edem.eu\/en\/wp-json\/wp\/v2\/cat_secretaria?post=55898"}],"curies":[{"name":"wp","href":"https:\/\/api.w.org\/{rel}","templated":true}]}}

Formas de recogida título ADE

<p>Cuando el Título y el Suplemento Europeo al Título (SET) haya sido emitido, recibirás una comunicación con información para la retirada de tu título a través de titulos@edem.es.</p>



<p><br>Los títulos oficiales una vez expedidos deberán<strong> ser retirados personalmente por el interesado.</strong><br>En el supuesto de que el Título no pudiera ser retirado personalmente por el interesado, <strong>podrás autorizar a otra persona, mediante poder notarial,</strong> para que lo haga en tu nombre.</p>

<!-- This site is optimized with the Yoast SEO plugin v27.5 - https://yoast.com/product/yoast-seo-wordpress/ -->
<title>Formas de recogida título ADE - EDEM Escuela de Empresarios</title>
<meta name="robots" content="noindex, follow" />
<meta property="og:locale" content="en_US" />
<meta property="og:type" content="article" />
<meta property="og:title" content="Formas de recogida título ADE - EDEM Escuela de Empresarios" />
<meta property="og:description" content="Cuando el Título y el Suplemento Europeo al Título (SET) haya sido emitido, recibirás una comunicación con información para la retirada de tu título a través de titulos@edem.es. Los títulos oficiales una vez expedidos deberán ser retirados personalmente por el interesado.En el supuesto de que el Título no pudiera ser retirado personalmente por el interesado, [&hellip;]" />
<meta property="og:url" content="https://edem.eu/secretaria/formas-de-recogida-titulo-ade/" />
<meta property="og:site_name" content="EDEM Escuela de Empresarios" />
<meta property="article:modified_time" content="2024-04-04T16:17:51+00:00" />
<meta name="twitter:card" content="summary_large_image" />
<meta name="twitter:label1" content="Est. reading time" />
	<meta name="twitter:data1" content="1 minute" />
<!-- / Yoast SEO plugin. -->

Formas de recogida título ADE - EDEM Escuela de Empresarios

Cuando el Título y el Suplemento Europeo al Título (SET) haya sido emitido, recibirás una comunicación con información para la retirada de tu título a través de titulos@edem.es. Los títulos oficiales una vez expedidos deberán ser retirados personalmente por el interesado.En el supuesto de que el Título no pudiera ser retirado personalmente por el interesado, [&hellip;]
