{"id":59312,"date":"2024-04-05T11:47:10","date_gmt":"2024-04-05T09:47:10","guid":{"rendered":"https:\/\/edem.eu\/?post_type=secretaria&#038;p=59312"},"modified":"2025-09-24T16:30:12","modified_gmt":"2025-09-24T14:30:12","slug":"quieres-llevar-tu-caso-al-comite-de-ausencias","status":"publish","type":"secretaria","link":"https:\/\/edem.eu\/en\/secretaria\/quieres-llevar-tu-caso-al-comite-de-ausencias\/","title":{"rendered":"\u00bfQuieres llevar tu caso al Comit\u00e9 de Ausencias?"},"content":{"rendered":"\n<p class=\"has-medium-font-size\">Si has perdido tu evaluaci\u00f3n continua en alguna asignatura porque has superado el l\u00edmite de faltas permitidas y deseas que se revise tu caso en el Comit\u00e9 de Ausencias, es imprescindible que completes este formulario y justifiques <strong>cada una de las faltas<\/strong>..<\/p>\n\n\n\n<p class=\"has-medium-font-size\">El Comit\u00e9 evaluar\u00e1 si existen motivos justificados para tus ausencias y decidir\u00e1 si puedes recuperar la evaluaci\u00f3n continua en la asignatura. <strong>Recuerda que solo deber\u00edas solicitar la revisi\u00f3n si realmente has perdido la evaluaci\u00f3n continua.<\/strong><\/p>\n\n\n\n<div style=\"height:23px\" aria-hidden=\"true\" class=\"wp-block-spacer\"><\/div>\n\n\n\n<div class=\"wp-block-group is-content-justification-center is-nowrap is-layout-flex wp-container-core-group-is-layout-23441af8 wp-block-group-is-layout-flex\">\n<div class=\"wp-block-columns are-vertically-aligned-center is-layout-flex wp-container-core-columns-is-layout-28f84493 wp-block-columns-is-layout-flex\">\n<div class=\"wp-block-column is-layout-flow wp-block-column-is-layout-flow\"><\/div>\n<\/div>\n\n\n\n<div class=\"wp-block-buttons is-layout-flex wp-block-buttons-is-layout-flex\">\n<div class=\"wp-block-button\"><a class=\"wp-block-button__link wp-element-button\" href=\"https:\/\/forms.office.com\/pages\/responsepage.aspx?id=pVBtoIGmCke54xPWNTvJyEpRx9dAx6lImV2T3TGJhLpUN1pTNVhZWUNMTjVMRTg0V1MxT1lTNVpaNy4u\" target=\"_blank\" rel=\"noreferrer noopener\">Enlace a formulario<\/a><\/div>\n<\/div>\n<\/div>\n\n\n\n<div style=\"height:34px\" aria-hidden=\"true\" class=\"wp-block-spacer\"><\/div>\n\n\n\n<p>Fechas comit\u00e9 de ausencias curso 2025\/26:<\/p>\n\n\n\n<ul class=\"wp-block-list\">\n<li>19 de Diciembre 2025<\/li>\n\n\n\n<li>8 de Mayo 2026<\/li>\n<\/ul>\n\n\n\n<p><\/p>\n","protected":false},"featured_media":0,"template":"","cat_secretaria":[273,272],"class_list":["post-59312","secretaria","type-secretaria","status-publish","hentry","cat_secretaria-grado-ade","cat_secretaria-grado-ige"],"acf":[],"yoast_head":"<!-- This site is optimized with the Yoast SEO plugin v27.5 - https:\/\/yoast.com\/product\/yoast-seo-wordpress\/ -->\n<title>\u00bfQuieres llevar tu caso al Comit\u00e9 de Ausencias? - EDEM Escuela de Empresarios<\/title>\n<meta name=\"robots\" content=\"noindex, follow\" \/>\n<meta property=\"og:locale\" content=\"en_US\" \/>\n<meta property=\"og:type\" content=\"article\" \/>\n<meta property=\"og:title\" content=\"\u00bfQuieres llevar tu caso al Comit\u00e9 de Ausencias? - EDEM Escuela de Empresarios\" \/>\n<meta property=\"og:description\" content=\"Si has perdido tu evaluaci\u00f3n continua en alguna asignatura porque has superado el l\u00edmite de faltas permitidas y deseas que se revise tu caso en el Comit\u00e9 de Ausencias, es imprescindible que completes este formulario y justifiques cada una de las faltas.. El Comit\u00e9 evaluar\u00e1 si existen motivos justificados para tus ausencias y decidir\u00e1 si [&hellip;]\" \/>\n<meta property=\"og:url\" content=\"https:\/\/edem.eu\/secretaria\/quieres-llevar-tu-caso-al-comite-de-ausencias\/\" \/>\n<meta property=\"og:site_name\" content=\"EDEM Escuela de Empresarios\" \/>\n<meta property=\"article:modified_time\" content=\"2025-09-24T14:30:12+00:00\" \/>\n<meta name=\"twitter:card\" content=\"summary_large_image\" \/>\n<meta name=\"twitter:label1\" content=\"Est. reading time\" \/>\n\t<meta name=\"twitter:data1\" content=\"1 minute\" \/>\n<!-- \/ Yoast SEO plugin. -->","yoast_head_json":{"title":"\u00bfQuieres llevar tu caso al Comit\u00e9 de Ausencias? - EDEM Escuela de Empresarios","robots":{"index":"noindex","follow":"follow"},"og_locale":"en_US","og_type":"article","og_title":"\u00bfQuieres llevar tu caso al Comit\u00e9 de Ausencias? - EDEM Escuela de Empresarios","og_description":"Si has perdido tu evaluaci\u00f3n continua en alguna asignatura porque has superado el l\u00edmite de faltas permitidas y deseas que se revise tu caso en el Comit\u00e9 de Ausencias, es imprescindible que completes este formulario y justifiques cada una de las faltas.. El Comit\u00e9 evaluar\u00e1 si existen motivos justificados para tus ausencias y decidir\u00e1 si [&hellip;]","og_url":"https:\/\/edem.eu\/secretaria\/quieres-llevar-tu-caso-al-comite-de-ausencias\/","og_site_name":"EDEM Escuela de Empresarios","article_modified_time":"2025-09-24T14:30:12+00:00","twitter_card":"summary_large_image","twitter_misc":{"Est. reading time":"1 minute"},"schema":{"@context":"https:\/\/schema.org","@graph":[{"@type":"WebPage","@id":"https:\/\/edem.eu\/secretaria\/quieres-llevar-tu-caso-al-comite-de-ausencias\/","url":"https:\/\/edem.eu\/secretaria\/quieres-llevar-tu-caso-al-comite-de-ausencias\/","name":"\u00bfQuieres llevar tu caso al Comit\u00e9 de Ausencias? - EDEM Escuela de Empresarios","isPartOf":{"@id":"https:\/\/edem.eu\/#website"},"datePublished":"2024-04-05T09:47:10+00:00","dateModified":"2025-09-24T14:30:12+00:00","breadcrumb":{"@id":"https:\/\/edem.eu\/secretaria\/quieres-llevar-tu-caso-al-comite-de-ausencias\/#breadcrumb"},"inLanguage":"en-US","potentialAction":[{"@type":"ReadAction","target":["https:\/\/edem.eu\/secretaria\/quieres-llevar-tu-caso-al-comite-de-ausencias\/"]}]},{"@type":"BreadcrumbList","@id":"https:\/\/edem.eu\/secretaria\/quieres-llevar-tu-caso-al-comite-de-ausencias\/#breadcrumb","itemListElement":[{"@type":"ListItem","position":1,"name":"Portada","item":"https:\/\/edem.eu\/en\/"},{"@type":"ListItem","position":2,"name":"\u00bfQuieres llevar tu caso al Comit\u00e9 de Ausencias?"}]},{"@type":"WebSite","@id":"https:\/\/edem.eu\/#website","url":"https:\/\/edem.eu\/","name":"EDEM Escuela de Empresarios","description":"","publisher":{"@id":"https:\/\/edem.eu\/#organization"},"potentialAction":[{"@type":"SearchAction","target":{"@type":"EntryPoint","urlTemplate":"https:\/\/edem.eu\/?s={search_term_string}"},"query-input":{"@type":"PropertyValueSpecification","valueRequired":true,"valueName":"search_term_string"}}],"inLanguage":"en-US"},{"@type":"Organization","@id":"https:\/\/edem.eu\/#organization","name":"EDEM Escuela de Empresarios","url":"https:\/\/edem.eu\/","logo":{"@type":"ImageObject","inLanguage":"en-US","@id":"https:\/\/edem.eu\/#\/schema\/logo\/image\/","url":"https:\/\/edem.eu\/wp-content\/uploads\/2019\/09\/cropped-logo-Edem.png","contentUrl":"https:\/\/edem.eu\/wp-content\/uploads\/2019\/09\/cropped-logo-Edem.png","width":107,"height":25,"caption":"EDEM Escuela de Empresarios"},"image":{"@id":"https:\/\/edem.eu\/#\/schema\/logo\/image\/"}}]}},"_links":{"self":[{"href":"https:\/\/edem.eu\/en\/wp-json\/wp\/v2\/secretaria\/59312","targetHints":{"allow":["GET"]}}],"collection":[{"href":"https:\/\/edem.eu\/en\/wp-json\/wp\/v2\/secretaria"}],"about":[{"href":"https:\/\/edem.eu\/en\/wp-json\/wp\/v2\/types\/secretaria"}],"wp:attachment":[{"href":"https:\/\/edem.eu\/en\/wp-json\/wp\/v2\/media?parent=59312"}],"wp:term":[{"taxonomy":"cat_secretaria","embeddable":true,"href":"https:\/\/edem.eu\/en\/wp-json\/wp\/v2\/cat_secretaria?post=59312"}],"curies":[{"name":"wp","href":"https:\/\/api.w.org\/{rel}","templated":true}]}}

¿Quieres llevar tu caso al Comité de Ausencias?

<p class="has-medium-font-size">Si has perdido tu evaluación continua en alguna asignatura porque has superado el límite de faltas permitidas y deseas que se revise tu caso en el Comité de Ausencias, es imprescindible que completes este formulario y justifiques <strong>cada una de las faltas</strong>..</p>



<p class="has-medium-font-size">El Comité evaluará si existen motivos justificados para tus ausencias y decidirá si puedes recuperar la evaluación continua en la asignatura. <strong>Recuerda que solo deberías solicitar la revisión si realmente has perdido la evaluación continua.</strong></p>



<div style="height:23px" aria-hidden="true" class="wp-block-spacer"></div>



<div class="wp-block-group is-content-justification-center is-nowrap is-layout-flex wp-container-core-group-is-layout-23441af8 wp-block-group-is-layout-flex">
<div class="wp-block-columns are-vertically-aligned-center is-layout-flex wp-container-core-columns-is-layout-28f84493 wp-block-columns-is-layout-flex">
<div class="wp-block-column is-layout-flow wp-block-column-is-layout-flow"></div>
</div>



<div class="wp-block-buttons is-layout-flex wp-block-buttons-is-layout-flex">
<div class="wp-block-button"><a class="wp-block-button__link wp-element-button" href="https://forms.office.com/pages/responsepage.aspx?id=pVBtoIGmCke54xPWNTvJyEpRx9dAx6lImV2T3TGJhLpUN1pTNVhZWUNMTjVMRTg0V1MxT1lTNVpaNy4u" target="_blank" rel="noreferrer noopener">Enlace a formulario</a></div>
</div>
</div>



<div style="height:34px" aria-hidden="true" class="wp-block-spacer"></div>



<p>Fechas comité de ausencias curso 2025/26:</p>



<ul class="wp-block-list">
<li>19 de Diciembre 2025</li>



<li>8 de Mayo 2026</li>
</ul>



<p></p>

<!-- This site is optimized with the Yoast SEO plugin v27.5 - https://yoast.com/product/yoast-seo-wordpress/ -->
<title>¿Quieres llevar tu caso al Comité de Ausencias? - EDEM Escuela de Empresarios</title>
<meta name="robots" content="noindex, follow" />
<meta property="og:locale" content="en_US" />
<meta property="og:type" content="article" />
<meta property="og:title" content="¿Quieres llevar tu caso al Comité de Ausencias? - EDEM Escuela de Empresarios" />
<meta property="og:description" content="Si has perdido tu evaluación continua en alguna asignatura porque has superado el límite de faltas permitidas y deseas que se revise tu caso en el Comité de Ausencias, es imprescindible que completes este formulario y justifiques cada una de las faltas.. El Comité evaluará si existen motivos justificados para tus ausencias y decidirá si [&hellip;]" />
<meta property="og:url" content="https://edem.eu/secretaria/quieres-llevar-tu-caso-al-comite-de-ausencias/" />
<meta property="og:site_name" content="EDEM Escuela de Empresarios" />
<meta property="article:modified_time" content="2025-09-24T14:30:12+00:00" />
<meta name="twitter:card" content="summary_large_image" />
<meta name="twitter:label1" content="Est. reading time" />
	<meta name="twitter:data1" content="1 minute" />
<!-- / Yoast SEO plugin. -->

¿Quieres llevar tu caso al Comité de Ausencias? - EDEM Escuela de Empresarios

Si has perdido tu evaluación continua en alguna asignatura porque has superado el límite de faltas permitidas y deseas que se revise tu caso en el Comité de Ausencias, es imprescindible que completes este formulario y justifiques cada una de las faltas.. El Comité evaluará si existen motivos justificados para tus ausencias y decidirá si [&hellip;]
