{"id":59820,"date":"2023-04-06T10:25:38","date_gmt":"2023-04-06T08:25:38","guid":{"rendered":"https:\/\/edem.eu\/?post_type=secretaria&#038;p=59820"},"modified":"2024-05-03T09:12:09","modified_gmt":"2024-05-03T07:12:09","slug":"reconocimiento-de-creditos","status":"publish","type":"secretaria","link":"https:\/\/edem.eu\/en\/secretaria\/reconocimiento-de-creditos\/","title":{"rendered":"Reconocimiento de cr\u00e9ditos"},"content":{"rendered":"\n<figure class=\"wp-block-table\"><table><tbody><tr><td colspan=\"2\">Se puede solicitar el reconocimiento de los cr\u00e9ditos que hayan sido obtenidos en unas ense\u00f1anzas oficiales distintas de las que se est\u00e1n cursando en esta u otra Universidad. As\u00ed mismo, pueden ser objeto de reconocimiento los cr\u00e9ditos cursados en otras ense\u00f1anzas superiores oficiales siempre que est\u00e9 relacionada con las competencias inherentes al t\u00edtulo.<br>Solo se deben solicitar convalidaciones del curso actual, es decir, se deber\u00e1n solicitar cada a\u00f1o seg\u00fan las asignaturas matriculadas ese curso.\u00a0<\/td><\/tr><\/tbody><\/table><\/figure>\n\n\n\n<div style=\"height:15px\" aria-hidden=\"true\" class=\"wp-block-spacer\"><\/div>\n\n\n\n<h2 class=\"wp-block-heading\">Reconocimiento de cr\u00e9ditos cursados en titulaciones de Grado o M\u00e1ster<\/h2>\n\n\n\n<div style=\"height:21px\" aria-hidden=\"true\" class=\"wp-block-spacer\"><\/div>\n\n\n\n<p>Antes de empezar la solicitud, deber\u00e1s tener preparado (en PDF):<\/p>\n\n\n\n<ol class=\"wp-block-list\">\n<li>Certificado acad\u00e9mico oficial (no es v\u00e1lido el documento en el cual se indica que es &#8220;car\u00e1cter informativo&#8221;).<\/li>\n\n\n\n<li>Fotocopia de los programas de las asignaturas cursadas (gu\u00edas docentes), selladas por el departamento o el centro o con c\u00f3digo de verificaci\u00f3n. Deber\u00e1n ser del a\u00f1o acad\u00e9mico en el que se aprob\u00f3 la asignatura a convalidar.<\/li>\n<\/ol>\n\n\n\n<div style=\"height:20px\" aria-hidden=\"true\" class=\"wp-block-spacer\"><\/div>\n\n\n\n<p>Para convalidar estudios extranjeros, es necesario presentar traducci\u00f3n jurada de toda la documentaci\u00f3n, legalizada por v\u00eda diplom\u00e1tica (de acuerdo con el Convenio de la Haya, si procede) y el justificante de haber abonado la tasa establecida por la comunidad aut\u00f3noma para el estudio de las solicitudes.<\/p>\n\n\n\n<p>Tasas:<\/p>\n\n\n\n<ul class=\"wp-block-list\">\n<li><strong>El interesado abonar\u00e1 el 10% del precio del cr\u00e9dito de EDEM por cada ECTS que se haya resuelto favorable.<\/strong><\/li>\n<\/ul>\n\n\n\n<div style=\"height:20px\" aria-hidden=\"true\" class=\"wp-block-spacer\"><\/div>\n\n\n\n<p class=\"has-text-align-left\">La<strong> solicitud<\/strong> se presenta a trav\u00e9s del siguiente link: <\/p>\n\n\n\n<ul class=\"wp-block-list\">\n<li><a href=\"https:\/\/57a6xb0gvlc.typeform.com\/to\/PgqkcZuH\">IGE<\/a><\/li>\n\n\n\n<li><a href=\"https:\/\/57a6xb0gvlc.typeform.com\/to\/fA403e90\">ADE<\/a><\/li>\n<\/ul>\n\n\n\n<div style=\"height:100px\" aria-hidden=\"true\" class=\"wp-block-spacer\"><\/div>\n\n\n\n<h2 class=\"wp-block-heading\">Reconocimiento de cr\u00e9ditos en las titulaciones de Grado desde titulaciones de T\u00e9cnico Superior de Formaci\u00f3n Profesional<\/h2>\n\n\n\n<div style=\"height:17px\" aria-hidden=\"true\" class=\"wp-block-spacer\"><\/div>\n\n\n\n<p>Antes de empezar la solicitud, deber\u00e1s tener preparado (en PDF):<\/p>\n\n\n\n<ol class=\"wp-block-list\">\n<li> Certificado acad\u00e9mico oficial (no es v\u00e1lido el documento en el cual se indica que es &#8220;car\u00e1cter informativo&#8221;).<\/li>\n\n\n\n<li>T\u00edtulo Oficial de Formaci\u00f3n Profesional Superior<\/li>\n<\/ol>\n\n\n\n<p>Tasas:<\/p>\n\n\n\n<ul class=\"wp-block-list\">\n<li><strong>El interesado abonar\u00e1 el 10% del precio del cr\u00e9dito de EDEM por cada ECTS que se haya resuelto favorable.<\/strong><\/li>\n<\/ul>\n\n\n\n<div style=\"height:35px\" aria-hidden=\"true\" class=\"wp-block-spacer\"><\/div>\n\n\n\n<p>La<strong> solicitud<\/strong> se presenta a trav\u00e9s del siguiente link:<\/p>\n\n\n\n<ul class=\"wp-block-list\">\n<li><a href=\"https:\/\/57a6xb0gvlc.typeform.com\/to\/PgqkcZuH\">IGE<\/a><\/li>\n\n\n\n<li><a href=\"https:\/\/57a6xb0gvlc.typeform.com\/to\/fA403e90\">ADE<\/a><\/li>\n<\/ul>\n","protected":false},"featured_media":0,"template":"","cat_secretaria":[273,272],"class_list":["post-59820","secretaria","type-secretaria","status-publish","hentry","cat_secretaria-grado-ade","cat_secretaria-grado-ige"],"acf":[],"yoast_head":"<!-- This site is optimized with the Yoast SEO plugin v27.5 - https:\/\/yoast.com\/product\/yoast-seo-wordpress\/ -->\n<title>Reconocimiento de cr\u00e9ditos - EDEM Escuela de Empresarios<\/title>\n<meta name=\"robots\" content=\"noindex, follow\" \/>\n<meta property=\"og:locale\" content=\"en_US\" \/>\n<meta property=\"og:type\" content=\"article\" \/>\n<meta property=\"og:title\" content=\"Reconocimiento de cr\u00e9ditos - EDEM Escuela de Empresarios\" \/>\n<meta property=\"og:description\" content=\"Se puede solicitar el reconocimiento de los cr\u00e9ditos que hayan sido obtenidos en unas ense\u00f1anzas oficiales distintas de las que se est\u00e1n cursando en esta u otra Universidad. As\u00ed mismo, pueden ser objeto de reconocimiento los cr\u00e9ditos cursados en otras ense\u00f1anzas superiores oficiales siempre que est\u00e9 relacionada con las competencias inherentes al t\u00edtulo.Solo se deben [&hellip;]\" \/>\n<meta property=\"og:url\" content=\"https:\/\/edem.eu\/secretaria\/reconocimiento-de-creditos\/\" \/>\n<meta property=\"og:site_name\" content=\"EDEM Escuela de Empresarios\" \/>\n<meta property=\"article:modified_time\" content=\"2024-05-03T07:12:09+00:00\" \/>\n<meta name=\"twitter:card\" content=\"summary_large_image\" \/>\n<meta name=\"twitter:label1\" content=\"Est. reading time\" \/>\n\t<meta name=\"twitter:data1\" content=\"2 minutes\" \/>\n<!-- \/ Yoast SEO plugin. -->","yoast_head_json":{"title":"Reconocimiento de cr\u00e9ditos - EDEM Escuela de Empresarios","robots":{"index":"noindex","follow":"follow"},"og_locale":"en_US","og_type":"article","og_title":"Reconocimiento de cr\u00e9ditos - EDEM Escuela de Empresarios","og_description":"Se puede solicitar el reconocimiento de los cr\u00e9ditos que hayan sido obtenidos en unas ense\u00f1anzas oficiales distintas de las que se est\u00e1n cursando en esta u otra Universidad. As\u00ed mismo, pueden ser objeto de reconocimiento los cr\u00e9ditos cursados en otras ense\u00f1anzas superiores oficiales siempre que est\u00e9 relacionada con las competencias inherentes al t\u00edtulo.Solo se deben [&hellip;]","og_url":"https:\/\/edem.eu\/secretaria\/reconocimiento-de-creditos\/","og_site_name":"EDEM Escuela de Empresarios","article_modified_time":"2024-05-03T07:12:09+00:00","twitter_card":"summary_large_image","twitter_misc":{"Est. reading time":"2 minutes"},"schema":{"@context":"https:\/\/schema.org","@graph":[{"@type":"WebPage","@id":"https:\/\/edem.eu\/secretaria\/reconocimiento-de-creditos\/","url":"https:\/\/edem.eu\/secretaria\/reconocimiento-de-creditos\/","name":"Reconocimiento de cr\u00e9ditos - EDEM Escuela de Empresarios","isPartOf":{"@id":"https:\/\/edem.eu\/#website"},"datePublished":"2023-04-06T08:25:38+00:00","dateModified":"2024-05-03T07:12:09+00:00","breadcrumb":{"@id":"https:\/\/edem.eu\/secretaria\/reconocimiento-de-creditos\/#breadcrumb"},"inLanguage":"en-US","potentialAction":[{"@type":"ReadAction","target":["https:\/\/edem.eu\/secretaria\/reconocimiento-de-creditos\/"]}]},{"@type":"BreadcrumbList","@id":"https:\/\/edem.eu\/secretaria\/reconocimiento-de-creditos\/#breadcrumb","itemListElement":[{"@type":"ListItem","position":1,"name":"Portada","item":"https:\/\/edem.eu\/en\/"},{"@type":"ListItem","position":2,"name":"Reconocimiento de cr\u00e9ditos"}]},{"@type":"WebSite","@id":"https:\/\/edem.eu\/#website","url":"https:\/\/edem.eu\/","name":"EDEM Escuela de Empresarios","description":"","publisher":{"@id":"https:\/\/edem.eu\/#organization"},"potentialAction":[{"@type":"SearchAction","target":{"@type":"EntryPoint","urlTemplate":"https:\/\/edem.eu\/?s={search_term_string}"},"query-input":{"@type":"PropertyValueSpecification","valueRequired":true,"valueName":"search_term_string"}}],"inLanguage":"en-US"},{"@type":"Organization","@id":"https:\/\/edem.eu\/#organization","name":"EDEM Escuela de Empresarios","url":"https:\/\/edem.eu\/","logo":{"@type":"ImageObject","inLanguage":"en-US","@id":"https:\/\/edem.eu\/#\/schema\/logo\/image\/","url":"https:\/\/edem.eu\/wp-content\/uploads\/2019\/09\/cropped-logo-Edem.png","contentUrl":"https:\/\/edem.eu\/wp-content\/uploads\/2019\/09\/cropped-logo-Edem.png","width":107,"height":25,"caption":"EDEM Escuela de Empresarios"},"image":{"@id":"https:\/\/edem.eu\/#\/schema\/logo\/image\/"}}]}},"_links":{"self":[{"href":"https:\/\/edem.eu\/en\/wp-json\/wp\/v2\/secretaria\/59820","targetHints":{"allow":["GET"]}}],"collection":[{"href":"https:\/\/edem.eu\/en\/wp-json\/wp\/v2\/secretaria"}],"about":[{"href":"https:\/\/edem.eu\/en\/wp-json\/wp\/v2\/types\/secretaria"}],"wp:attachment":[{"href":"https:\/\/edem.eu\/en\/wp-json\/wp\/v2\/media?parent=59820"}],"wp:term":[{"taxonomy":"cat_secretaria","embeddable":true,"href":"https:\/\/edem.eu\/en\/wp-json\/wp\/v2\/cat_secretaria?post=59820"}],"curies":[{"name":"wp","href":"https:\/\/api.w.org\/{rel}","templated":true}]}}

Reconocimiento de créditos

<figure class="wp-block-table"><table><tbody><tr><td colspan="2">Se puede solicitar el reconocimiento de los créditos que hayan sido obtenidos en unas enseñanzas oficiales distintas de las que se están cursando en esta u otra Universidad. Así mismo, pueden ser objeto de reconocimiento los créditos cursados en otras enseñanzas superiores oficiales siempre que esté relacionada con las competencias inherentes al título.<br>Solo se deben solicitar convalidaciones del curso actual, es decir, se deberán solicitar cada año según las asignaturas matriculadas ese curso. </td></tr></tbody></table></figure>



<div style="height:15px" aria-hidden="true" class="wp-block-spacer"></div>



<h2 class="wp-block-heading">Reconocimiento de créditos cursados en titulaciones de Grado o Máster</h2>



<div style="height:21px" aria-hidden="true" class="wp-block-spacer"></div>



<p>Antes de empezar la solicitud, deberás tener preparado (en PDF):</p>



<ol class="wp-block-list">
<li>Certificado académico oficial (no es válido el documento en el cual se indica que es &#8220;carácter informativo&#8221;).</li>



<li>Fotocopia de los programas de las asignaturas cursadas (guías docentes), selladas por el departamento o el centro o con código de verificación. Deberán ser del año académico en el que se aprobó la asignatura a convalidar.</li>
</ol>



<div style="height:20px" aria-hidden="true" class="wp-block-spacer"></div>



<p>Para convalidar estudios extranjeros, es necesario presentar traducción jurada de toda la documentación, legalizada por vía diplomática (de acuerdo con el Convenio de la Haya, si procede) y el justificante de haber abonado la tasa establecida por la comunidad autónoma para el estudio de las solicitudes.</p>



<p>Tasas:</p>



<ul class="wp-block-list">
<li><strong>El interesado abonará el 10% del precio del crédito de EDEM por cada ECTS que se haya resuelto favorable.</strong></li>
</ul>



<div style="height:20px" aria-hidden="true" class="wp-block-spacer"></div>



<p class="has-text-align-left">La<strong> solicitud</strong> se presenta a través del siguiente link: </p>



<ul class="wp-block-list">
<li><a href="https://57a6xb0gvlc.typeform.com/to/PgqkcZuH">IGE</a></li>



<li><a href="https://57a6xb0gvlc.typeform.com/to/fA403e90">ADE</a></li>
</ul>



<div style="height:100px" aria-hidden="true" class="wp-block-spacer"></div>



<h2 class="wp-block-heading">Reconocimiento de créditos en las titulaciones de Grado desde titulaciones de Técnico Superior de Formación Profesional</h2>



<div style="height:17px" aria-hidden="true" class="wp-block-spacer"></div>



<p>Antes de empezar la solicitud, deberás tener preparado (en PDF):</p>



<ol class="wp-block-list">
<li> Certificado académico oficial (no es válido el documento en el cual se indica que es &#8220;carácter informativo&#8221;).</li>



<li>Título Oficial de Formación Profesional Superior</li>
</ol>



<p>Tasas:</p>



<ul class="wp-block-list">
<li><strong>El interesado abonará el 10% del precio del crédito de EDEM por cada ECTS que se haya resuelto favorable.</strong></li>
</ul>



<div style="height:35px" aria-hidden="true" class="wp-block-spacer"></div>



<p>La<strong> solicitud</strong> se presenta a través del siguiente link:</p>



<ul class="wp-block-list">
<li><a href="https://57a6xb0gvlc.typeform.com/to/PgqkcZuH">IGE</a></li>



<li><a href="https://57a6xb0gvlc.typeform.com/to/fA403e90">ADE</a></li>
</ul>

<!-- This site is optimized with the Yoast SEO plugin v27.5 - https://yoast.com/product/yoast-seo-wordpress/ -->
<title>Reconocimiento de créditos - EDEM Escuela de Empresarios</title>
<meta name="robots" content="noindex, follow" />
<meta property="og:locale" content="en_US" />
<meta property="og:type" content="article" />
<meta property="og:title" content="Reconocimiento de créditos - EDEM Escuela de Empresarios" />
<meta property="og:description" content="Se puede solicitar el reconocimiento de los créditos que hayan sido obtenidos en unas enseñanzas oficiales distintas de las que se están cursando en esta u otra Universidad. Así mismo, pueden ser objeto de reconocimiento los créditos cursados en otras enseñanzas superiores oficiales siempre que esté relacionada con las competencias inherentes al título.Solo se deben [&hellip;]" />
<meta property="og:url" content="https://edem.eu/secretaria/reconocimiento-de-creditos/" />
<meta property="og:site_name" content="EDEM Escuela de Empresarios" />
<meta property="article:modified_time" content="2024-05-03T07:12:09+00:00" />
<meta name="twitter:card" content="summary_large_image" />
<meta name="twitter:label1" content="Est. reading time" />
	<meta name="twitter:data1" content="2 minutes" />
<!-- / Yoast SEO plugin. -->

Reconocimiento de créditos - EDEM Escuela de Empresarios

Se puede solicitar el reconocimiento de los créditos que hayan sido obtenidos en unas enseñanzas oficiales distintas de las que se están cursando en esta u otra Universidad. Así mismo, pueden ser objeto de reconocimiento los créditos cursados en otras enseñanzas superiores oficiales siempre que esté relacionada con las competencias inherentes al título.Solo se deben [&hellip;]
