{"id":65273,"date":"2024-04-04T17:40:18","date_gmt":"2024-04-04T15:40:18","guid":{"rendered":"https:\/\/edem.eu\/?post_type=secretaria&#038;p=65273"},"modified":"2024-04-10T16:07:10","modified_gmt":"2024-04-10T14:07:10","slug":"normativa-edem","status":"publish","type":"secretaria","link":"https:\/\/edem.eu\/en\/secretaria\/normativa-edem\/","title":{"rendered":"Normativa EDEM"},"content":{"rendered":"\n<p>Revisa la normativa para garantizar el cumplimiento y maximizar tu rendimiento acad\u00e9mico. Estamos aqu\u00ed para apoyarte en cada etapa de tu trayecto educativo. &#x1f4da;<\/p>\n\n\n\n<ul class=\"wp-block-list\">\n<li>a. R\u00e9gimen de permanencia. <a href=\"https:\/\/edem.eu\/documentacion\/grados\/normativa\/Normativa-Regimen-permanencia-CU-EDEM.pdf\" target=\"_blank\" rel=\"noreferrer noopener\">Ver documento<\/a><\/li>\n\n\n\n<li class=\"padding-left: 0; list-style: none; margin-bottom: 10px;\">b. Reglamento de R\u00e9gimen Interno. <a href=\"https:\/\/edem.eu\/documentacion\/grados\/normativa\/Normativa-Reglamento-regimen-interno-CU-EDEM.pdf\" target=\"_blank\" rel=\"noreferrer noopener\">Ver documento<\/a><\/li>\n\n\n\n<li>c. R\u00e9gimen disciplinario. <a href=\"https:\/\/edem.eu\/documentacion\/grados\/normativa\/Normativa-Regimen-disciplinario-CU-EDEM.pdf\" target=\"_blank\" rel=\"noreferrer noopener\">Ver documento<\/a><\/li>\n\n\n\n<li>d. Normativa sobre los Trabajos de Fin de Grado. <a href=\"https:\/\/edem.eu\/documentacion\/grados\/normativa\/Normativa-Trabajos-fin-grado-CU-EDEM.pdf\" target=\"_blank\" rel=\"noreferrer noopener\">Ver documento<\/a><\/li>\n\n\n\n<li>e. Normativa Sistema de Evaluaci\u00f3n. <a href=\"https:\/\/edem.eu\/documentacion\/grados\/normativa\/Normativa-Sistema-evaluacion-CU-EDEM.pdf\" target=\"_blank\" rel=\"noreferrer noopener\">Ver documento<\/a><\/li>\n\n\n\n<li>f. Normativa Transferencia y Reconocimiento de Cr\u00e9ditos. <a href=\"https:\/\/edem.eu\/documentacion\/grados\/normativa\/Normativa-Transferencia-y-reconocimiento-creditos-CU-EDEM.pdf\" target=\"_blank\" rel=\"noreferrer noopener\">Ver documento<\/a><\/li>\n\n\n\n<li>g. Normativa de Relaciones Internacionales. <a href=\"https:\/\/edem.eu\/documentacion\/grados\/normativa\/Normativa-Relaciones-internacionales-CU-EDEM.pdf\" target=\"_blank\" rel=\"noreferrer noopener\">Ver documento<\/a><\/li>\n\n\n\n<li>h. Normativa sobre las pr\u00e1cticas curriculares. <a href=\"https:\/\/edem.eu\/documentacion\/grados\/normativa\/Normativa-Practicas-curriculares-CU-EDEM.pdf\" target=\"_blank\" rel=\"noreferrer noopener\">Ver documento<\/a><\/li>\n\n\n\n<li>i. Normativa sobre las pr\u00e1cticas externas extracurriculares. <a href=\"https:\/\/edem.eu\/documentacion\/grados\/normativa\/Normativa-pr%C3%A1cticas-Extracurriculares-CU-EDEM.pdf\" target=\"_blank\" rel=\"noreferrer noopener\">Ver documento<\/a><\/li>\n\n\n\n<li>j. Normas de Convivencia. <a href=\"https:\/\/edem.eu\/documentacion\/grados\/normativa\/normas-convivencia.pdf\" target=\"_blank\" rel=\"noreferrer noopener\">Ver documento<\/a><\/li>\n\n\n\n<li>k. Protocolo pr\u00e1cticas fraudulentas. <a href=\"https:\/\/edem.eu\/documentacion\/grados\/normativa\/protocolo-practicas-fraudulentas.pdf\" target=\"_blank\" rel=\"noreferrer noopener\">Ver documento<\/a><\/li>\n\n\n\n<li>l. Manual de buenas pr\u00e1cticas para usuarios de la red de Marina de Empresas. <a href=\"https:\/\/edem.eu\/documentacion\/grados\/normativa\/EDEM_Manual-uso-wifi.pdf\">Ver documento<\/a><\/li>\n<\/ul>\n\n\n\n<div style=\"height:100px\" aria-hidden=\"true\" class=\"wp-block-spacer\"><\/div>\n\n\n\n<h2 class=\"wp-block-heading\">Otros tr\u00e1mites: <\/h2>\n\n\n\n<ul class=\"wp-block-list\">\n<li><a href=\"http:\/\/\u00bfQUIERES LLEVAR TU CASO AL COMIT\u00c9 DE AUSENCIAS?\">\u00bfQuieres llevar tu <\/a><a href=\"https:\/\/edem.eu\/secretaria\/quieres-llevar-tu-caso-al-comite-de-ausencias\/\">caso al comit\u00e9 de ausencias?<\/a><\/li>\n\n\n\n<li><a href=\"https:\/\/edem.eu\/secretaria\/duplicado-de-titulo-deterioro-rectificacion-cambio-de-nombre-apellidos-o-nacionalidad-fallecimiento-incorporacion-especialidades-o-premios\/\">Duplicado de T\u00edtulo: deterioro; rectificaci\u00f3n, cambio de nombre, apellidos o nacionalidad; fallecimiento; incorporaci\u00f3n especialidades o premios.<\/a><\/li>\n\n\n\n<li><a href=\"https:\/\/edem.eu\/secretaria\/procedimiento-para-la-legalizacion-de-documentos-academicos-universitarios-oficiales-que-han-de-surtir-efecto-en-el-extranjero\/\">Procedimiento para la legalizaci\u00f3n de documentos acad\u00e9micos universitarios oficiales que han de surtir efecto en el extranjero.<\/a><\/li>\n<\/ul>\n\n\n\n<p><\/p>\n","protected":false},"featured_media":0,"template":"","cat_secretaria":[273,272],"class_list":["post-65273","secretaria","type-secretaria","status-publish","hentry","cat_secretaria-grado-ade","cat_secretaria-grado-ige"],"acf":[],"yoast_head":"<!-- This site is optimized with the Yoast SEO plugin v27.5 - https:\/\/yoast.com\/product\/yoast-seo-wordpress\/ -->\n<title>Normativa EDEM - EDEM Escuela de Empresarios<\/title>\n<meta name=\"robots\" content=\"noindex, follow\" \/>\n<meta property=\"og:locale\" content=\"en_US\" \/>\n<meta property=\"og:type\" content=\"article\" \/>\n<meta property=\"og:title\" content=\"Normativa EDEM - EDEM Escuela de Empresarios\" \/>\n<meta property=\"og:description\" content=\"Revisa la normativa para garantizar el cumplimiento y maximizar tu rendimiento acad\u00e9mico. Estamos aqu\u00ed para apoyarte en cada etapa de tu trayecto educativo. &#x1f4da; Otros tr\u00e1mites:\" \/>\n<meta property=\"og:url\" content=\"https:\/\/edem.eu\/secretaria\/normativa-edem\/\" \/>\n<meta property=\"og:site_name\" content=\"EDEM Escuela de Empresarios\" \/>\n<meta property=\"article:modified_time\" content=\"2024-04-10T14:07:10+00:00\" \/>\n<meta name=\"twitter:card\" content=\"summary_large_image\" \/>\n<meta name=\"twitter:label1\" content=\"Est. reading time\" \/>\n\t<meta name=\"twitter:data1\" content=\"1 minute\" \/>\n<!-- \/ Yoast SEO plugin. -->","yoast_head_json":{"title":"Normativa EDEM - EDEM Escuela de Empresarios","robots":{"index":"noindex","follow":"follow"},"og_locale":"en_US","og_type":"article","og_title":"Normativa EDEM - EDEM Escuela de Empresarios","og_description":"Revisa la normativa para garantizar el cumplimiento y maximizar tu rendimiento acad\u00e9mico. Estamos aqu\u00ed para apoyarte en cada etapa de tu trayecto educativo. &#x1f4da; Otros tr\u00e1mites:","og_url":"https:\/\/edem.eu\/secretaria\/normativa-edem\/","og_site_name":"EDEM Escuela de Empresarios","article_modified_time":"2024-04-10T14:07:10+00:00","twitter_card":"summary_large_image","twitter_misc":{"Est. reading time":"1 minute"},"schema":{"@context":"https:\/\/schema.org","@graph":[{"@type":"WebPage","@id":"https:\/\/edem.eu\/secretaria\/normativa-edem\/","url":"https:\/\/edem.eu\/secretaria\/normativa-edem\/","name":"Normativa EDEM - EDEM Escuela de Empresarios","isPartOf":{"@id":"https:\/\/edem.eu\/#website"},"datePublished":"2024-04-04T15:40:18+00:00","dateModified":"2024-04-10T14:07:10+00:00","breadcrumb":{"@id":"https:\/\/edem.eu\/secretaria\/normativa-edem\/#breadcrumb"},"inLanguage":"en-US","potentialAction":[{"@type":"ReadAction","target":["https:\/\/edem.eu\/secretaria\/normativa-edem\/"]}]},{"@type":"BreadcrumbList","@id":"https:\/\/edem.eu\/secretaria\/normativa-edem\/#breadcrumb","itemListElement":[{"@type":"ListItem","position":1,"name":"Portada","item":"https:\/\/edem.eu\/en\/"},{"@type":"ListItem","position":2,"name":"Normativa EDEM"}]},{"@type":"WebSite","@id":"https:\/\/edem.eu\/#website","url":"https:\/\/edem.eu\/","name":"EDEM Escuela de Empresarios","description":"","publisher":{"@id":"https:\/\/edem.eu\/#organization"},"potentialAction":[{"@type":"SearchAction","target":{"@type":"EntryPoint","urlTemplate":"https:\/\/edem.eu\/?s={search_term_string}"},"query-input":{"@type":"PropertyValueSpecification","valueRequired":true,"valueName":"search_term_string"}}],"inLanguage":"en-US"},{"@type":"Organization","@id":"https:\/\/edem.eu\/#organization","name":"EDEM Escuela de Empresarios","url":"https:\/\/edem.eu\/","logo":{"@type":"ImageObject","inLanguage":"en-US","@id":"https:\/\/edem.eu\/#\/schema\/logo\/image\/","url":"https:\/\/edem.eu\/wp-content\/uploads\/2019\/09\/cropped-logo-Edem.png","contentUrl":"https:\/\/edem.eu\/wp-content\/uploads\/2019\/09\/cropped-logo-Edem.png","width":107,"height":25,"caption":"EDEM Escuela de Empresarios"},"image":{"@id":"https:\/\/edem.eu\/#\/schema\/logo\/image\/"}}]}},"_links":{"self":[{"href":"https:\/\/edem.eu\/en\/wp-json\/wp\/v2\/secretaria\/65273","targetHints":{"allow":["GET"]}}],"collection":[{"href":"https:\/\/edem.eu\/en\/wp-json\/wp\/v2\/secretaria"}],"about":[{"href":"https:\/\/edem.eu\/en\/wp-json\/wp\/v2\/types\/secretaria"}],"wp:attachment":[{"href":"https:\/\/edem.eu\/en\/wp-json\/wp\/v2\/media?parent=65273"}],"wp:term":[{"taxonomy":"cat_secretaria","embeddable":true,"href":"https:\/\/edem.eu\/en\/wp-json\/wp\/v2\/cat_secretaria?post=65273"}],"curies":[{"name":"wp","href":"https:\/\/api.w.org\/{rel}","templated":true}]}}

<p>Revisa la normativa para garantizar el cumplimiento y maximizar tu rendimiento académico. Estamos aquí para apoyarte en cada etapa de tu trayecto educativo. &#x1f4da;</p>



<ul class="wp-block-list">
<li>a. Régimen de permanencia. <a href="https://edem.eu/documentacion/grados/normativa/Normativa-Regimen-permanencia-CU-EDEM.pdf" target="_blank" rel="noreferrer noopener">Ver documento</a></li>



<li class="padding-left: 0; list-style: none; margin-bottom: 10px;">b. Reglamento de Régimen Interno. <a href="https://edem.eu/documentacion/grados/normativa/Normativa-Reglamento-regimen-interno-CU-EDEM.pdf" target="_blank" rel="noreferrer noopener">Ver documento</a></li>



<li>c. Régimen disciplinario. <a href="https://edem.eu/documentacion/grados/normativa/Normativa-Regimen-disciplinario-CU-EDEM.pdf" target="_blank" rel="noreferrer noopener">Ver documento</a></li>



<li>d. Normativa sobre los Trabajos de Fin de Grado. <a href="https://edem.eu/documentacion/grados/normativa/Normativa-Trabajos-fin-grado-CU-EDEM.pdf" target="_blank" rel="noreferrer noopener">Ver documento</a></li>



<li>e. Normativa Sistema de Evaluación. <a href="https://edem.eu/documentacion/grados/normativa/Normativa-Sistema-evaluacion-CU-EDEM.pdf" target="_blank" rel="noreferrer noopener">Ver documento</a></li>



<li>f. Normativa Transferencia y Reconocimiento de Créditos. <a href="https://edem.eu/documentacion/grados/normativa/Normativa-Transferencia-y-reconocimiento-creditos-CU-EDEM.pdf" target="_blank" rel="noreferrer noopener">Ver documento</a></li>



<li>g. Normativa de Relaciones Internacionales. <a href="https://edem.eu/documentacion/grados/normativa/Normativa-Relaciones-internacionales-CU-EDEM.pdf" target="_blank" rel="noreferrer noopener">Ver documento</a></li>



<li>h. Normativa sobre las prácticas curriculares. <a href="https://edem.eu/documentacion/grados/normativa/Normativa-Practicas-curriculares-CU-EDEM.pdf" target="_blank" rel="noreferrer noopener">Ver documento</a></li>



<li>i. Normativa sobre las prácticas externas extracurriculares. <a href="https://edem.eu/documentacion/grados/normativa/Normativa-pr%C3%A1cticas-Extracurriculares-CU-EDEM.pdf" target="_blank" rel="noreferrer noopener">Ver documento</a></li>



<li>j. Normas de Convivencia. <a href="https://edem.eu/documentacion/grados/normativa/normas-convivencia.pdf" target="_blank" rel="noreferrer noopener">Ver documento</a></li>



<li>k. Protocolo prácticas fraudulentas. <a href="https://edem.eu/documentacion/grados/normativa/protocolo-practicas-fraudulentas.pdf" target="_blank" rel="noreferrer noopener">Ver documento</a></li>



<li>l. Manual de buenas prácticas para usuarios de la red de Marina de Empresas. <a href="https://edem.eu/documentacion/grados/normativa/EDEM_Manual-uso-wifi.pdf">Ver documento</a></li>
</ul>



<div style="height:100px" aria-hidden="true" class="wp-block-spacer"></div>



<h2 class="wp-block-heading">Otros trámites: </h2>



<ul class="wp-block-list">
<li><a href="http://¿QUIERES LLEVAR TU CASO AL COMITÉ DE AUSENCIAS?">¿Quieres llevar tu </a><a href="https://edem.eu/secretaria/quieres-llevar-tu-caso-al-comite-de-ausencias/">caso al comité de ausencias?</a></li>



<li><a href="https://edem.eu/secretaria/duplicado-de-titulo-deterioro-rectificacion-cambio-de-nombre-apellidos-o-nacionalidad-fallecimiento-incorporacion-especialidades-o-premios/">Duplicado de Título: deterioro; rectificación, cambio de nombre, apellidos o nacionalidad; fallecimiento; incorporación especialidades o premios.</a></li>



<li><a href="https://edem.eu/secretaria/procedimiento-para-la-legalizacion-de-documentos-academicos-universitarios-oficiales-que-han-de-surtir-efecto-en-el-extranjero/">Procedimiento para la legalización de documentos académicos universitarios oficiales que han de surtir efecto en el extranjero.</a></li>
</ul>



<p></p>

<!-- This site is optimized with the Yoast SEO plugin v27.5 - https://yoast.com/product/yoast-seo-wordpress/ -->
<title>Normativa EDEM - EDEM Escuela de Empresarios</title>
<meta name="robots" content="noindex, follow" />
<meta property="og:locale" content="en_US" />
<meta property="og:type" content="article" />
<meta property="og:title" content="Normativa EDEM - EDEM Escuela de Empresarios" />
<meta property="og:description" content="Revisa la normativa para garantizar el cumplimiento y maximizar tu rendimiento académico. Estamos aquí para apoyarte en cada etapa de tu trayecto educativo. &#x1f4da; Otros trámites:" />
<meta property="og:url" content="https://edem.eu/secretaria/normativa-edem/" />
<meta property="og:site_name" content="EDEM Escuela de Empresarios" />
<meta property="article:modified_time" content="2024-04-10T14:07:10+00:00" />
<meta name="twitter:card" content="summary_large_image" />
<meta name="twitter:label1" content="Est. reading time" />
	<meta name="twitter:data1" content="1 minute" />
<!-- / Yoast SEO plugin. -->

Revisa la normativa para garantizar el cumplimiento y maximizar tu rendimiento académico. Estamos aquí para apoyarte en cada etapa de tu trayecto educativo. &#x1f4da; Otros trámites:
