{"id":67126,"date":"2024-10-22T08:49:38","date_gmt":"2024-10-22T06:49:38","guid":{"rendered":"https:\/\/edem.eu\/?post_type=secretaria&#038;p=67126"},"modified":"2025-09-10T17:26:18","modified_gmt":"2025-09-10T15:26:18","slug":"reconocimiento-de-creditos-para-practicas-por-contrato-laboral","status":"publish","type":"secretaria","link":"https:\/\/edem.eu\/en\/secretaria\/reconocimiento-de-creditos-para-practicas-por-contrato-laboral\/","title":{"rendered":"Reconocimiento de cr\u00e9ditos para pr\u00e1cticas por contrato laboral"},"content":{"rendered":"\n<p><strong>Requisitos<\/strong>:<\/p>\n\n\n\n<p><br>-M\u00ednimo 168 ETCS superados <br>-6 meses m\u00ednimo trabajados o 500 horas cubiertas previo al periodo de<br>matr\u00edcula (julio 2025).<\/p>\n\n\n\n<div style=\"height:100px\" aria-hidden=\"true\" class=\"wp-block-spacer\"><\/div>\n\n\n\n<p><strong>Procedimiento<\/strong><\/p>\n\n\n\n<p><br>-El alumno deber\u00e1 realizar la matr\u00edcula de la Pr\u00e1cticas Curriculares en el periodo de matr\u00edculas ordinario (julio).<\/p>\n\n\n\n<ul class=\"wp-block-list\">\n<li>Posteriormente, se deber\u00e1 rellenar la <a href=\"https:\/\/forms.office.com\/e\/RS2NmSeJY6\">solicitud de reconocimiento<\/a> a trav\u00e9s de la Secretar\u00eda Virtual. Aportando la siguiente documentaci\u00f3n:\n<ul class=\"wp-block-list\">\n<li>Certificado de la empresa donde se concretan las actividades que el<br>estudiante ha realizado y el periodo de tiempo trabajado<\/li>\n\n\n\n<li>Contrato laboral<\/li>\n\n\n\n<li>Vida laboral<\/li>\n<\/ul>\n<\/li>\n\n\n\n<li>Empleabilidad estudiar\u00e1 la solicitud e informar\u00e1 al estudiante de la resoluci\u00f3n del procedimiento.<\/li>\n<\/ul>\n","protected":false},"featured_media":0,"template":"","cat_secretaria":[273,272],"class_list":["post-67126","secretaria","type-secretaria","status-publish","hentry","cat_secretaria-grado-ade","cat_secretaria-grado-ige"],"acf":[],"yoast_head":"<!-- This site is optimized with the Yoast SEO plugin v27.5 - https:\/\/yoast.com\/product\/yoast-seo-wordpress\/ -->\n<title>Reconocimiento de cr\u00e9ditos para pr\u00e1cticas por contrato laboral - EDEM Escuela de Empresarios<\/title>\n<meta name=\"robots\" content=\"noindex, follow\" \/>\n<meta property=\"og:locale\" content=\"en_US\" \/>\n<meta property=\"og:type\" content=\"article\" \/>\n<meta property=\"og:title\" content=\"Reconocimiento de cr\u00e9ditos para pr\u00e1cticas por contrato laboral - EDEM Escuela de Empresarios\" \/>\n<meta property=\"og:description\" content=\"Requisitos: -M\u00ednimo 168 ETCS superados -6 meses m\u00ednimo trabajados o 500 horas cubiertas previo al periodo dematr\u00edcula (julio 2025). Procedimiento -El alumno deber\u00e1 realizar la matr\u00edcula de la Pr\u00e1cticas Curriculares en el periodo de matr\u00edculas ordinario (julio).\" \/>\n<meta property=\"og:url\" content=\"https:\/\/edem.eu\/secretaria\/reconocimiento-de-creditos-para-practicas-por-contrato-laboral\/\" \/>\n<meta property=\"og:site_name\" content=\"EDEM Escuela de Empresarios\" \/>\n<meta property=\"article:modified_time\" content=\"2025-09-10T15:26:18+00:00\" \/>\n<meta name=\"twitter:card\" content=\"summary_large_image\" \/>\n<meta name=\"twitter:label1\" content=\"Est. reading time\" \/>\n\t<meta name=\"twitter:data1\" content=\"1 minute\" \/>\n<!-- \/ Yoast SEO plugin. -->","yoast_head_json":{"title":"Reconocimiento de cr\u00e9ditos para pr\u00e1cticas por contrato laboral - EDEM Escuela de Empresarios","robots":{"index":"noindex","follow":"follow"},"og_locale":"en_US","og_type":"article","og_title":"Reconocimiento de cr\u00e9ditos para pr\u00e1cticas por contrato laboral - EDEM Escuela de Empresarios","og_description":"Requisitos: -M\u00ednimo 168 ETCS superados -6 meses m\u00ednimo trabajados o 500 horas cubiertas previo al periodo dematr\u00edcula (julio 2025). Procedimiento -El alumno deber\u00e1 realizar la matr\u00edcula de la Pr\u00e1cticas Curriculares en el periodo de matr\u00edculas ordinario (julio).","og_url":"https:\/\/edem.eu\/secretaria\/reconocimiento-de-creditos-para-practicas-por-contrato-laboral\/","og_site_name":"EDEM Escuela de Empresarios","article_modified_time":"2025-09-10T15:26:18+00:00","twitter_card":"summary_large_image","twitter_misc":{"Est. reading time":"1 minute"},"schema":{"@context":"https:\/\/schema.org","@graph":[{"@type":"WebPage","@id":"https:\/\/edem.eu\/secretaria\/reconocimiento-de-creditos-para-practicas-por-contrato-laboral\/","url":"https:\/\/edem.eu\/secretaria\/reconocimiento-de-creditos-para-practicas-por-contrato-laboral\/","name":"Reconocimiento de cr\u00e9ditos para pr\u00e1cticas por contrato laboral - EDEM Escuela de Empresarios","isPartOf":{"@id":"https:\/\/edem.eu\/#website"},"datePublished":"2024-10-22T06:49:38+00:00","dateModified":"2025-09-10T15:26:18+00:00","breadcrumb":{"@id":"https:\/\/edem.eu\/secretaria\/reconocimiento-de-creditos-para-practicas-por-contrato-laboral\/#breadcrumb"},"inLanguage":"en-US","potentialAction":[{"@type":"ReadAction","target":["https:\/\/edem.eu\/secretaria\/reconocimiento-de-creditos-para-practicas-por-contrato-laboral\/"]}]},{"@type":"BreadcrumbList","@id":"https:\/\/edem.eu\/secretaria\/reconocimiento-de-creditos-para-practicas-por-contrato-laboral\/#breadcrumb","itemListElement":[{"@type":"ListItem","position":1,"name":"Portada","item":"https:\/\/edem.eu\/en\/"},{"@type":"ListItem","position":2,"name":"Reconocimiento de cr\u00e9ditos para pr\u00e1cticas por contrato laboral"}]},{"@type":"WebSite","@id":"https:\/\/edem.eu\/#website","url":"https:\/\/edem.eu\/","name":"EDEM Escuela de Empresarios","description":"","publisher":{"@id":"https:\/\/edem.eu\/#organization"},"potentialAction":[{"@type":"SearchAction","target":{"@type":"EntryPoint","urlTemplate":"https:\/\/edem.eu\/?s={search_term_string}"},"query-input":{"@type":"PropertyValueSpecification","valueRequired":true,"valueName":"search_term_string"}}],"inLanguage":"en-US"},{"@type":"Organization","@id":"https:\/\/edem.eu\/#organization","name":"EDEM Escuela de Empresarios","url":"https:\/\/edem.eu\/","logo":{"@type":"ImageObject","inLanguage":"en-US","@id":"https:\/\/edem.eu\/#\/schema\/logo\/image\/","url":"https:\/\/edem.eu\/wp-content\/uploads\/2019\/09\/cropped-logo-Edem.png","contentUrl":"https:\/\/edem.eu\/wp-content\/uploads\/2019\/09\/cropped-logo-Edem.png","width":107,"height":25,"caption":"EDEM Escuela de Empresarios"},"image":{"@id":"https:\/\/edem.eu\/#\/schema\/logo\/image\/"}}]}},"_links":{"self":[{"href":"https:\/\/edem.eu\/en\/wp-json\/wp\/v2\/secretaria\/67126","targetHints":{"allow":["GET"]}}],"collection":[{"href":"https:\/\/edem.eu\/en\/wp-json\/wp\/v2\/secretaria"}],"about":[{"href":"https:\/\/edem.eu\/en\/wp-json\/wp\/v2\/types\/secretaria"}],"wp:attachment":[{"href":"https:\/\/edem.eu\/en\/wp-json\/wp\/v2\/media?parent=67126"}],"wp:term":[{"taxonomy":"cat_secretaria","embeddable":true,"href":"https:\/\/edem.eu\/en\/wp-json\/wp\/v2\/cat_secretaria?post=67126"}],"curies":[{"name":"wp","href":"https:\/\/api.w.org\/{rel}","templated":true}]}}

Reconocimiento de créditos para prácticas por contrato laboral

<p><strong>Requisitos</strong>:</p>



<p><br>-Mínimo 168 ETCS superados <br>-6 meses mínimo trabajados o 500 horas cubiertas previo al periodo de<br>matrícula (julio 2025).</p>



<div style="height:100px" aria-hidden="true" class="wp-block-spacer"></div>



<p><strong>Procedimiento</strong></p>



<p><br>-El alumno deberá realizar la matrícula de la Prácticas Curriculares en el periodo de matrículas ordinario (julio).</p>



<ul class="wp-block-list">
<li>Posteriormente, se deberá rellenar la <a href="https://forms.office.com/e/RS2NmSeJY6">solicitud de reconocimiento</a> a través de la Secretaría Virtual. Aportando la siguiente documentación:
<ul class="wp-block-list">
<li>Certificado de la empresa donde se concretan las actividades que el<br>estudiante ha realizado y el periodo de tiempo trabajado</li>



<li>Contrato laboral</li>



<li>Vida laboral</li>
</ul>
</li>



<li>Empleabilidad estudiará la solicitud e informará al estudiante de la resolución del procedimiento.</li>
</ul>

<!-- This site is optimized with the Yoast SEO plugin v27.5 - https://yoast.com/product/yoast-seo-wordpress/ -->
<title>Reconocimiento de créditos para prácticas por contrato laboral - EDEM Escuela de Empresarios</title>
<meta name="robots" content="noindex, follow" />
<meta property="og:locale" content="en_US" />
<meta property="og:type" content="article" />
<meta property="og:title" content="Reconocimiento de créditos para prácticas por contrato laboral - EDEM Escuela de Empresarios" />
<meta property="og:description" content="Requisitos: -Mínimo 168 ETCS superados -6 meses mínimo trabajados o 500 horas cubiertas previo al periodo dematrícula (julio 2025). Procedimiento -El alumno deberá realizar la matrícula de la Prácticas Curriculares en el periodo de matrículas ordinario (julio)." />
<meta property="og:url" content="https://edem.eu/secretaria/reconocimiento-de-creditos-para-practicas-por-contrato-laboral/" />
<meta property="og:site_name" content="EDEM Escuela de Empresarios" />
<meta property="article:modified_time" content="2025-09-10T15:26:18+00:00" />
<meta name="twitter:card" content="summary_large_image" />
<meta name="twitter:label1" content="Est. reading time" />
	<meta name="twitter:data1" content="1 minute" />
<!-- / Yoast SEO plugin. -->

Reconocimiento de créditos para prácticas por contrato laboral - EDEM Escuela de Empresarios

Requisitos: -Mínimo 168 ETCS superados -6 meses mínimo trabajados o 500 horas cubiertas previo al periodo dematrícula (julio 2025). Procedimiento -El alumno deberá realizar la matrícula de la Prácticas Curriculares en el periodo de matrículas ordinario (julio).
