{"id":70950,"date":"2025-06-05T15:48:44","date_gmt":"2025-06-05T13:48:44","guid":{"rendered":"https:\/\/edem.eu\/?post_type=secretaria&#038;p=70950"},"modified":"2025-06-06T11:25:50","modified_gmt":"2025-06-06T09:25:50","slug":"actualizacion-de-datos","status":"publish","type":"secretaria","link":"https:\/\/edem.eu\/en\/secretaria\/actualizacion-de-datos\/","title":{"rendered":"Actualizaci\u00f3n de Datos"},"content":{"rendered":"\n<details class=\"wp-block-details is-layout-flow wp-block-details-is-layout-flow\"><summary>Cambio\/Actualizaci\u00f3n de Datos (DNI\/Familia numerosa&#8230;)<\/summary>\n<p>Si quieres modificar alg\u00fan documento personal que puede afectar a la matr\u00edcula, a trav\u00e9s del siguiente enlace puedes hacerlo.<\/p>\n\n\n\n<p><strong>Importante<\/strong>: en la solicitud te pediremos copia del documento a actualizar, tenlo a mano en formato foto o PDF. <\/p>\n\n\n\n<p>Enlaces a los formularios: <\/p>\n\n\n\n<p><a href=\"https:\/\/forms.office.com\/r\/x3ixLL282y\">Si eres alumno de IGE <\/a><\/p>\n\n\n\n<p><a href=\"https:\/\/forms.office.com\/r\/sCVV7hzWw6\">Si eres alumno de ADE<\/a><\/p>\n\n\n\n<p><\/p>\n<\/details>\n\n\n\n<details class=\"wp-block-details is-layout-flow wp-block-details-is-layout-flow\"><summary>Cambio de Datos Bancarios<\/summary>\n<p>\u00bfNecesitas cambiar tu n\u00famero de cuenta?<\/p>\n\n\n\n<p>A trav\u00e9s de este proceso puedes solicitar el cambio de los datos bancarios que tenemos guardados en el sistema para el cobro de las mensualidades del programa que est\u00e1s cursando.<\/p>\n\n\n\n<p>Para realizar tu solicitud deber\u00e1s completar el formulario con la siguiente informaci\u00f3n:<\/p>\n\n\n\n<ul class=\"wp-block-list\">\n<li>Nombre y apellidos.<\/li>\n\n\n\n<li>N\u00ba de documento de Identidad.<\/li>\n\n\n\n<li>Email de EDEM.<\/li>\n\n\n\n<li>Tel\u00e9fono de contacto para preguntarte en caso de dudas.<\/li>\n\n\n\n<li>Nuevo IBAN. Recuerda que necesitamos el n\u00ba de cuenta completo, en Espa\u00f1a suele estar encabezado por ES y seguido de 24 d\u00edgitos.<\/li>\n<\/ul>\n\n\n\n<p>Enlace al formulario:&nbsp;<a href=\"https:\/\/57a6xb0gvlc.typeform.com\/to\/TNMLXFNj\">Formulario de Cambio de Datos Bancarios<\/a><\/p>\n<\/details>\n\n\n\n<p><\/p>\n\n\n\n<p class=\"has-x-large-font-size\"><\/p>\n\n\n\n<p><\/p>\n","protected":false},"featured_media":0,"template":"","cat_secretaria":[],"class_list":["post-70950","secretaria","type-secretaria","status-publish","hentry"],"acf":[],"yoast_head":"<!-- This site is optimized with the Yoast SEO plugin v27.5 - https:\/\/yoast.com\/product\/yoast-seo-wordpress\/ -->\n<title>Actualizaci\u00f3n de Datos - EDEM Escuela de Empresarios<\/title>\n<meta name=\"robots\" content=\"noindex, follow\" \/>\n<meta property=\"og:locale\" content=\"en_US\" \/>\n<meta property=\"og:type\" content=\"article\" \/>\n<meta property=\"og:title\" content=\"Actualizaci\u00f3n de Datos - EDEM Escuela de Empresarios\" \/>\n<meta property=\"og:url\" content=\"https:\/\/edem.eu\/secretaria\/actualizacion-de-datos\/\" \/>\n<meta property=\"og:site_name\" content=\"EDEM Escuela de Empresarios\" \/>\n<meta property=\"article:modified_time\" content=\"2025-06-06T09:25:50+00:00\" \/>\n<meta name=\"twitter:card\" content=\"summary_large_image\" \/>\n<meta name=\"twitter:label1\" content=\"Est. reading time\" \/>\n\t<meta name=\"twitter:data1\" content=\"1 minute\" \/>\n<!-- \/ Yoast SEO plugin. -->","yoast_head_json":{"title":"Actualizaci\u00f3n de Datos - EDEM Escuela de Empresarios","robots":{"index":"noindex","follow":"follow"},"og_locale":"en_US","og_type":"article","og_title":"Actualizaci\u00f3n de Datos - EDEM Escuela de Empresarios","og_url":"https:\/\/edem.eu\/secretaria\/actualizacion-de-datos\/","og_site_name":"EDEM Escuela de Empresarios","article_modified_time":"2025-06-06T09:25:50+00:00","twitter_card":"summary_large_image","twitter_misc":{"Est. reading time":"1 minute"},"schema":{"@context":"https:\/\/schema.org","@graph":[{"@type":"WebPage","@id":"https:\/\/edem.eu\/secretaria\/actualizacion-de-datos\/","url":"https:\/\/edem.eu\/secretaria\/actualizacion-de-datos\/","name":"Actualizaci\u00f3n de Datos - EDEM Escuela de Empresarios","isPartOf":{"@id":"https:\/\/edem.eu\/#website"},"datePublished":"2025-06-05T13:48:44+00:00","dateModified":"2025-06-06T09:25:50+00:00","breadcrumb":{"@id":"https:\/\/edem.eu\/secretaria\/actualizacion-de-datos\/#breadcrumb"},"inLanguage":"en-US","potentialAction":[{"@type":"ReadAction","target":["https:\/\/edem.eu\/secretaria\/actualizacion-de-datos\/"]}]},{"@type":"BreadcrumbList","@id":"https:\/\/edem.eu\/secretaria\/actualizacion-de-datos\/#breadcrumb","itemListElement":[{"@type":"ListItem","position":1,"name":"Portada","item":"https:\/\/edem.eu\/en\/"},{"@type":"ListItem","position":2,"name":"Actualizaci\u00f3n de Datos"}]},{"@type":"WebSite","@id":"https:\/\/edem.eu\/#website","url":"https:\/\/edem.eu\/","name":"EDEM Escuela de Empresarios","description":"","publisher":{"@id":"https:\/\/edem.eu\/#organization"},"potentialAction":[{"@type":"SearchAction","target":{"@type":"EntryPoint","urlTemplate":"https:\/\/edem.eu\/?s={search_term_string}"},"query-input":{"@type":"PropertyValueSpecification","valueRequired":true,"valueName":"search_term_string"}}],"inLanguage":"en-US"},{"@type":"Organization","@id":"https:\/\/edem.eu\/#organization","name":"EDEM Escuela de Empresarios","url":"https:\/\/edem.eu\/","logo":{"@type":"ImageObject","inLanguage":"en-US","@id":"https:\/\/edem.eu\/#\/schema\/logo\/image\/","url":"https:\/\/edem.eu\/wp-content\/uploads\/2019\/09\/cropped-logo-Edem.png","contentUrl":"https:\/\/edem.eu\/wp-content\/uploads\/2019\/09\/cropped-logo-Edem.png","width":107,"height":25,"caption":"EDEM Escuela de Empresarios"},"image":{"@id":"https:\/\/edem.eu\/#\/schema\/logo\/image\/"}}]}},"_links":{"self":[{"href":"https:\/\/edem.eu\/en\/wp-json\/wp\/v2\/secretaria\/70950","targetHints":{"allow":["GET"]}}],"collection":[{"href":"https:\/\/edem.eu\/en\/wp-json\/wp\/v2\/secretaria"}],"about":[{"href":"https:\/\/edem.eu\/en\/wp-json\/wp\/v2\/types\/secretaria"}],"wp:attachment":[{"href":"https:\/\/edem.eu\/en\/wp-json\/wp\/v2\/media?parent=70950"}],"wp:term":[{"taxonomy":"cat_secretaria","embeddable":true,"href":"https:\/\/edem.eu\/en\/wp-json\/wp\/v2\/cat_secretaria?post=70950"}],"curies":[{"name":"wp","href":"https:\/\/api.w.org\/{rel}","templated":true}]}}

Actualización de Datos

<details class="wp-block-details is-layout-flow wp-block-details-is-layout-flow"><summary>Cambio/Actualización de Datos (DNI/Familia numerosa&#8230;)</summary>
<p>Si quieres modificar algún documento personal que puede afectar a la matrícula, a través del siguiente enlace puedes hacerlo.</p>



<p><strong>Importante</strong>: en la solicitud te pediremos copia del documento a actualizar, tenlo a mano en formato foto o PDF. </p>



<p>Enlaces a los formularios: </p>



<p><a href="https://forms.office.com/r/x3ixLL282y">Si eres alumno de IGE </a></p>



<p><a href="https://forms.office.com/r/sCVV7hzWw6">Si eres alumno de ADE</a></p>



<p></p>
</details>



<details class="wp-block-details is-layout-flow wp-block-details-is-layout-flow"><summary>Cambio de Datos Bancarios</summary>
<p>¿Necesitas cambiar tu número de cuenta?</p>



<p>A través de este proceso puedes solicitar el cambio de los datos bancarios que tenemos guardados en el sistema para el cobro de las mensualidades del programa que estás cursando.</p>



<p>Para realizar tu solicitud deberás completar el formulario con la siguiente información:</p>



<ul class="wp-block-list">
<li>Nombre y apellidos.</li>



<li>Nº de documento de Identidad.</li>



<li>Email de EDEM.</li>



<li>Teléfono de contacto para preguntarte en caso de dudas.</li>



<li>Nuevo IBAN. Recuerda que necesitamos el nº de cuenta completo, en España suele estar encabezado por ES y seguido de 24 dígitos.</li>
</ul>



<p>Enlace al formulario:&nbsp;<a href="https://57a6xb0gvlc.typeform.com/to/TNMLXFNj">Formulario de Cambio de Datos Bancarios</a></p>
</details>



<p></p>



<p class="has-x-large-font-size"></p>



<p></p>

<!-- This site is optimized with the Yoast SEO plugin v27.5 - https://yoast.com/product/yoast-seo-wordpress/ -->
<title>Actualización de Datos - EDEM Escuela de Empresarios</title>
<meta name="robots" content="noindex, follow" />
<meta property="og:locale" content="en_US" />
<meta property="og:type" content="article" />
<meta property="og:title" content="Actualización de Datos - EDEM Escuela de Empresarios" />
<meta property="og:url" content="https://edem.eu/secretaria/actualizacion-de-datos/" />
<meta property="og:site_name" content="EDEM Escuela de Empresarios" />
<meta property="article:modified_time" content="2025-06-06T09:25:50+00:00" />
<meta name="twitter:card" content="summary_large_image" />
<meta name="twitter:label1" content="Est. reading time" />
	<meta name="twitter:data1" content="1 minute" />
<!-- / Yoast SEO plugin. -->

Actualización de Datos - EDEM Escuela de Empresarios
