{"id":71156,"date":"2025-06-19T10:25:49","date_gmt":"2025-06-19T08:25:49","guid":{"rendered":"https:\/\/edem.eu\/?post_type=secretaria&#038;p=71156"},"modified":"2025-06-19T10:27:24","modified_gmt":"2025-06-19T08:27:24","slug":"solicitud-de-convocatoria-adelantada","status":"publish","type":"secretaria","link":"https:\/\/edem.eu\/en\/secretaria\/solicitud-de-convocatoria-adelantada\/","title":{"rendered":"Solicitud de convocatoria adelantada"},"content":{"rendered":"\n<p><\/p>\n\n\n\n<h4 class=\"wp-block-heading\">&#x2705; \u00bfQui\u00e9n puede solicitarlo?<\/h4>\n\n\n\n<p>Estudiantes del Centro Universitario <strong>EDEM<\/strong> que:<\/p>\n\n\n\n<ul class=\"wp-block-list\">\n<li>Tengan <strong>pendiente un m\u00e1ximo de 2 asignaturas<\/strong> para finalizar su titulaci\u00f3n.<\/li>\n\n\n\n<li><strong>No se cuentan<\/strong> el <strong>Trabajo de Fin de Grado (TFG)<\/strong> ni las <strong>Pr\u00e1cticas Curriculares (PC)<\/strong>.<\/li>\n<\/ul>\n\n\n\n<p><\/p>\n\n\n\n<hr class=\"wp-block-separator has-alpha-channel-opacity\"\/>\n\n\n\n<p><\/p>\n\n\n\n<h4 class=\"wp-block-heading\">&#x1f4dd; \u00bfC\u00f3mo y cu\u00e1ndo se solicita?<\/h4>\n\n\n\n<ul class=\"wp-block-list\">\n<li>Se solicita <strong>durante el periodo de matr\u00edcula<\/strong>.<\/li>\n\n\n\n<li><strong>Una vez presentada<\/strong>, la solicitud <strong>no se puede renunciar<\/strong>.<\/li>\n<\/ul>\n\n\n\n<p><\/p>\n\n\n\n<hr class=\"wp-block-separator has-alpha-channel-opacity\"\/>\n\n\n\n<p><\/p>\n\n\n\n<h4 class=\"wp-block-heading\">&#x1f5d3; \u00bfCu\u00e1ndo se realiza el examen?<\/h4>\n\n\n\n<p>Los ex\u00e1menes adelantados se realizar\u00e1n antes de que finalice la docencia del primer cuatrimestre del curso acad\u00e9mico. El centro comunicar\u00e1 la fecha a los estudiantes con al menos un mes de antelaci\u00f3n.<\/p>\n\n\n\n<p><\/p>\n\n\n\n<p><\/p>\n\n\n\n<hr class=\"wp-block-separator has-alpha-channel-opacity\"\/>\n\n\n\n<h4 class=\"wp-block-heading\">&#x1f4da; Convocatorias disponibles<\/h4>\n\n\n\n<ul class=\"wp-block-list\">\n<li>Si el estudiante <strong>no se presenta o no aprueba<\/strong>, solo tendr\u00e1 <strong>una segunda oportunidad<\/strong> en la <strong>convocatoria ordinaria<\/strong>.<\/li>\n\n\n\n<li>Esto <strong>no aplica<\/strong> a estudiantes en <strong>matr\u00edcula extraordinaria<\/strong>.<\/li>\n<\/ul>\n\n\n\n<p><\/p>\n\n\n\n<hr class=\"wp-block-separator has-alpha-channel-opacity\"\/>\n\n\n\n<p><\/p>\n\n\n\n<h4 class=\"wp-block-heading\">&#x2757; Exclusiones y casos especiales<\/h4>\n\n\n\n<p>El <strong>TFG<\/strong> se rige por su <strong>normativa espec\u00edfica<\/strong>. Este procedimiento <strong>no aplica<\/strong> para el adelanto del TFG.<\/p>\n\n\n\n<hr class=\"wp-block-separator has-alpha-channel-opacity\"\/>\n\n\n\n<p><\/p>\n\n\n\n<p>&#x1f4ce; <strong>Consulta toda la informaci\u00f3n oficial aqu\u00ed<\/strong>: <a href=\"https:\/\/edem.eu\/documentacion\/grados\/normativa\/Normativa-Sistema-evaluacion-CU-EDEM.pdf\">Normativa completa<\/a><\/p>\n\n\n\n<p>Debes iniciar sesi\u00f3n con tu cuenta de EDEM para iniciar el tr\u00e1mite<\/p>\n\n\n\n<div class=\"wp-block-buttons is-content-justification-center is-layout-flex wp-container-core-buttons-is-layout-a89b3969 wp-block-buttons-is-layout-flex\">\n<div class=\"wp-block-button\"><a class=\"wp-block-button__link wp-element-button\" href=\"https:\/\/marinadeempresas.sharepoint.com\/:l:\/s\/EDEM_GRADOS\/FHJCDF1n_JNItEmm8RVIkCQBPyr3eO72ss9LzmFTqgoagg?nav=ODhjZmQ1MjAtOWUyNC00OTQxLTk3NmUtMTMwYmNiMDNjMTA5\">Iniciar solicitud<\/a><\/div>\n<\/div>\n","protected":false},"featured_media":0,"template":"","cat_secretaria":[],"class_list":["post-71156","secretaria","type-secretaria","status-publish","hentry"],"acf":[],"yoast_head":"<!-- This site is optimized with the Yoast SEO plugin v27.5 - https:\/\/yoast.com\/product\/yoast-seo-wordpress\/ -->\n<title>Solicitud de convocatoria adelantada - EDEM Escuela de Empresarios<\/title>\n<meta name=\"robots\" content=\"noindex, follow\" \/>\n<meta property=\"og:locale\" content=\"en_US\" \/>\n<meta property=\"og:type\" content=\"article\" \/>\n<meta property=\"og:title\" content=\"Solicitud de convocatoria adelantada - EDEM Escuela de Empresarios\" \/>\n<meta property=\"og:description\" content=\"&#x2705; \u00bfQui\u00e9n puede solicitarlo? Estudiantes del Centro Universitario EDEM que: &#x1f4dd; \u00bfC\u00f3mo y cu\u00e1ndo se solicita? &#x1f5d3; \u00bfCu\u00e1ndo se realiza el examen? Los ex\u00e1menes adelantados se realizar\u00e1n antes de que finalice la docencia del primer cuatrimestre del curso acad\u00e9mico. El centro comunicar\u00e1 la fecha a los estudiantes con al menos un mes de antelaci\u00f3n. &#x1f4da; [&hellip;]\" \/>\n<meta property=\"og:url\" content=\"https:\/\/edem.eu\/secretaria\/solicitud-de-convocatoria-adelantada\/\" \/>\n<meta property=\"og:site_name\" content=\"EDEM Escuela de Empresarios\" \/>\n<meta property=\"article:modified_time\" content=\"2025-06-19T08:27:24+00:00\" \/>\n<meta name=\"twitter:card\" content=\"summary_large_image\" \/>\n<meta name=\"twitter:label1\" content=\"Est. reading time\" \/>\n\t<meta name=\"twitter:data1\" content=\"1 minute\" \/>\n<!-- \/ Yoast SEO plugin. -->","yoast_head_json":{"title":"Solicitud de convocatoria adelantada - EDEM Escuela de Empresarios","robots":{"index":"noindex","follow":"follow"},"og_locale":"en_US","og_type":"article","og_title":"Solicitud de convocatoria adelantada - EDEM Escuela de Empresarios","og_description":"&#x2705; \u00bfQui\u00e9n puede solicitarlo? Estudiantes del Centro Universitario EDEM que: &#x1f4dd; \u00bfC\u00f3mo y cu\u00e1ndo se solicita? &#x1f5d3; \u00bfCu\u00e1ndo se realiza el examen? Los ex\u00e1menes adelantados se realizar\u00e1n antes de que finalice la docencia del primer cuatrimestre del curso acad\u00e9mico. El centro comunicar\u00e1 la fecha a los estudiantes con al menos un mes de antelaci\u00f3n. &#x1f4da; [&hellip;]","og_url":"https:\/\/edem.eu\/secretaria\/solicitud-de-convocatoria-adelantada\/","og_site_name":"EDEM Escuela de Empresarios","article_modified_time":"2025-06-19T08:27:24+00:00","twitter_card":"summary_large_image","twitter_misc":{"Est. reading time":"1 minute"},"schema":{"@context":"https:\/\/schema.org","@graph":[{"@type":"WebPage","@id":"https:\/\/edem.eu\/secretaria\/solicitud-de-convocatoria-adelantada\/","url":"https:\/\/edem.eu\/secretaria\/solicitud-de-convocatoria-adelantada\/","name":"Solicitud de convocatoria adelantada - EDEM Escuela de Empresarios","isPartOf":{"@id":"https:\/\/edem.eu\/#website"},"datePublished":"2025-06-19T08:25:49+00:00","dateModified":"2025-06-19T08:27:24+00:00","breadcrumb":{"@id":"https:\/\/edem.eu\/secretaria\/solicitud-de-convocatoria-adelantada\/#breadcrumb"},"inLanguage":"en-US","potentialAction":[{"@type":"ReadAction","target":["https:\/\/edem.eu\/secretaria\/solicitud-de-convocatoria-adelantada\/"]}]},{"@type":"BreadcrumbList","@id":"https:\/\/edem.eu\/secretaria\/solicitud-de-convocatoria-adelantada\/#breadcrumb","itemListElement":[{"@type":"ListItem","position":1,"name":"Portada","item":"https:\/\/edem.eu\/en\/"},{"@type":"ListItem","position":2,"name":"Solicitud de convocatoria adelantada"}]},{"@type":"WebSite","@id":"https:\/\/edem.eu\/#website","url":"https:\/\/edem.eu\/","name":"EDEM Escuela de Empresarios","description":"","publisher":{"@id":"https:\/\/edem.eu\/#organization"},"potentialAction":[{"@type":"SearchAction","target":{"@type":"EntryPoint","urlTemplate":"https:\/\/edem.eu\/?s={search_term_string}"},"query-input":{"@type":"PropertyValueSpecification","valueRequired":true,"valueName":"search_term_string"}}],"inLanguage":"en-US"},{"@type":"Organization","@id":"https:\/\/edem.eu\/#organization","name":"EDEM Escuela de Empresarios","url":"https:\/\/edem.eu\/","logo":{"@type":"ImageObject","inLanguage":"en-US","@id":"https:\/\/edem.eu\/#\/schema\/logo\/image\/","url":"https:\/\/edem.eu\/wp-content\/uploads\/2019\/09\/cropped-logo-Edem.png","contentUrl":"https:\/\/edem.eu\/wp-content\/uploads\/2019\/09\/cropped-logo-Edem.png","width":107,"height":25,"caption":"EDEM Escuela de Empresarios"},"image":{"@id":"https:\/\/edem.eu\/#\/schema\/logo\/image\/"}}]}},"_links":{"self":[{"href":"https:\/\/edem.eu\/en\/wp-json\/wp\/v2\/secretaria\/71156","targetHints":{"allow":["GET"]}}],"collection":[{"href":"https:\/\/edem.eu\/en\/wp-json\/wp\/v2\/secretaria"}],"about":[{"href":"https:\/\/edem.eu\/en\/wp-json\/wp\/v2\/types\/secretaria"}],"wp:attachment":[{"href":"https:\/\/edem.eu\/en\/wp-json\/wp\/v2\/media?parent=71156"}],"wp:term":[{"taxonomy":"cat_secretaria","embeddable":true,"href":"https:\/\/edem.eu\/en\/wp-json\/wp\/v2\/cat_secretaria?post=71156"}],"curies":[{"name":"wp","href":"https:\/\/api.w.org\/{rel}","templated":true}]}}

<p></p>



<h4 class="wp-block-heading">&#x2705; ¿Quién puede solicitarlo?</h4>



<p>Estudiantes del Centro Universitario <strong>EDEM</strong> que:</p>



<ul class="wp-block-list">
<li>Tengan <strong>pendiente un máximo de 2 asignaturas</strong> para finalizar su titulación.</li>



<li><strong>No se cuentan</strong> el <strong>Trabajo de Fin de Grado (TFG)</strong> ni las <strong>Prácticas Curriculares (PC)</strong>.</li>
</ul>



<p></p>



<hr class="wp-block-separator has-alpha-channel-opacity"/>



<p></p>



<h4 class="wp-block-heading">&#x1f4dd; ¿Cómo y cuándo se solicita?</h4>



<ul class="wp-block-list">
<li>Se solicita <strong>durante el periodo de matrícula</strong>.</li>



<li><strong>Una vez presentada</strong>, la solicitud <strong>no se puede renunciar</strong>.</li>
</ul>



<p></p>



<hr class="wp-block-separator has-alpha-channel-opacity"/>



<p></p>



<h4 class="wp-block-heading">&#x1f5d3; ¿Cuándo se realiza el examen?</h4>



<p>Los exámenes adelantados se realizarán antes de que finalice la docencia del primer cuatrimestre del curso académico. El centro comunicará la fecha a los estudiantes con al menos un mes de antelación.</p>



<p></p>



<p></p>



<hr class="wp-block-separator has-alpha-channel-opacity"/>



<h4 class="wp-block-heading">&#x1f4da; Convocatorias disponibles</h4>



<ul class="wp-block-list">
<li>Si el estudiante <strong>no se presenta o no aprueba</strong>, solo tendrá <strong>una segunda oportunidad</strong> en la <strong>convocatoria ordinaria</strong>.</li>



<li>Esto <strong>no aplica</strong> a estudiantes en <strong>matrícula extraordinaria</strong>.</li>
</ul>



<p></p>



<hr class="wp-block-separator has-alpha-channel-opacity"/>



<p></p>



<h4 class="wp-block-heading">&#x2757; Exclusiones y casos especiales</h4>



<p>El <strong>TFG</strong> se rige por su <strong>normativa específica</strong>. Este procedimiento <strong>no aplica</strong> para el adelanto del TFG.</p>



<hr class="wp-block-separator has-alpha-channel-opacity"/>



<p></p>



<p>&#x1f4ce; <strong>Consulta toda la información oficial aquí</strong>: <a href="https://edem.eu/documentacion/grados/normativa/Normativa-Sistema-evaluacion-CU-EDEM.pdf">Normativa completa</a></p>



<p>Debes iniciar sesión con tu cuenta de EDEM para iniciar el trámite</p>



<div class="wp-block-buttons is-content-justification-center is-layout-flex wp-container-core-buttons-is-layout-a89b3969 wp-block-buttons-is-layout-flex">
<div class="wp-block-button"><a class="wp-block-button__link wp-element-button" href="https://marinadeempresas.sharepoint.com/:l:/s/EDEM_GRADOS/FHJCDF1n_JNItEmm8RVIkCQBPyr3eO72ss9LzmFTqgoagg?nav=ODhjZmQ1MjAtOWUyNC00OTQxLTk3NmUtMTMwYmNiMDNjMTA5">Iniciar solicitud</a></div>
</div>

<!-- This site is optimized with the Yoast SEO plugin v27.5 - https://yoast.com/product/yoast-seo-wordpress/ -->
<title>Solicitud de convocatoria adelantada - EDEM Escuela de Empresarios</title>
<meta name="robots" content="noindex, follow" />
<meta property="og:locale" content="en_US" />
<meta property="og:type" content="article" />
<meta property="og:title" content="Solicitud de convocatoria adelantada - EDEM Escuela de Empresarios" />
<meta property="og:description" content="&#x2705; ¿Quién puede solicitarlo? Estudiantes del Centro Universitario EDEM que: &#x1f4dd; ¿Cómo y cuándo se solicita? &#x1f5d3; ¿Cuándo se realiza el examen? Los exámenes adelantados se realizarán antes de que finalice la docencia del primer cuatrimestre del curso académico. El centro comunicará la fecha a los estudiantes con al menos un mes de antelación. &#x1f4da; [&hellip;]" />
<meta property="og:url" content="https://edem.eu/secretaria/solicitud-de-convocatoria-adelantada/" />
<meta property="og:site_name" content="EDEM Escuela de Empresarios" />
<meta property="article:modified_time" content="2025-06-19T08:27:24+00:00" />
<meta name="twitter:card" content="summary_large_image" />
<meta name="twitter:label1" content="Est. reading time" />
	<meta name="twitter:data1" content="1 minute" />
<!-- / Yoast SEO plugin. -->

&#x2705; ¿Quién puede solicitarlo? Estudiantes del Centro Universitario EDEM que: &#x1f4dd; ¿Cómo y cuándo se solicita? &#x1f5d3; ¿Cuándo se realiza el examen? Los exámenes adelantados se realizarán antes de que finalice la docencia del primer cuatrimestre del curso académico. El centro comunicará la fecha a los estudiantes con al menos un mes de antelación. &#x1f4da; [&hellip;]
