{"id":73819,"date":"2026-02-02T08:43:46","date_gmt":"2026-02-02T07:43:46","guid":{"rendered":"https:\/\/edem.eu\/?post_type=secretaria&#038;p=73819"},"modified":"2026-02-02T08:53:37","modified_gmt":"2026-02-02T07:53:37","slug":"impugnacion-de-pruebas-de-sintesis-paso-a-paso","status":"publish","type":"secretaria","link":"https:\/\/edem.eu\/en\/secretaria\/impugnacion-de-pruebas-de-sintesis-paso-a-paso\/","title":{"rendered":"Impugnaci\u00f3n de la calificaci\u00f3n de pruebas de s\u00edntesis"},"content":{"rendered":"<p>\u00bfNo est\u00e1s conforme con el resultado tras la revisi\u00f3n de tu examen? Aqu\u00ed tienes el procedimiento para solicitar la revisi\u00f3n de tu nota por parte del <strong>Comit\u00e9 de Evaluaci\u00f3n Acad\u00e9mica<\/strong>.<\/p>\n<hr class=\"wp-block-separator has-alpha-channel-opacity is-style-wide\" \/>\n<h3 class=\"wp-block-heading\">&#x23f3; 1. Requisito y Plazo<\/h3>\n<p>Para impugnar la calificaci\u00f3n, es <strong>imprescindible haber acudido previamente a la revisi\u00f3n<\/strong> de la prueba con el profesor. Tienes un plazo de <strong>3 d\u00edas h\u00e1biles<\/strong> desde dicha revisi\u00f3n para presentar la solicitud.<\/p>\n<blockquote class=\"wp-block-quote is-style-plain\">\n<p><em>Nota: Este proceso es exclusivo para pruebas de s\u00edntesis (no aplica a evaluaci\u00f3n continua).<\/em><\/p>\n<\/blockquote>\n<h3 class=\"wp-block-heading\">&#x1f680; 2. El Proceso de Garant\u00eda<\/h3>\n<figure class=\"wp-block-table is-style-stripes\">\n<table class=\"has-fixed-layout\">\n<thead>\n<tr>\n<td><strong>Fase<\/strong><\/td>\n<td><strong>Responsable<\/strong><\/td>\n<td><strong>Plazo<\/strong><\/td>\n<\/tr>\n<\/thead>\n<tbody>\n<tr>\n<td><strong>Solicitud<\/strong><\/td>\n<td>Alumno (Motivada + PDF)<\/td>\n<td>3 d\u00edas h\u00e1biles<\/td>\n<\/tr>\n<tr>\n<td><strong>Informe<\/strong><\/td>\n<td>Profesor Responsable<\/td>\n<td>5 d\u00edas h\u00e1biles<\/td>\n<\/tr>\n<tr>\n<td><strong>Contraste<\/strong><\/td>\n<td>Segundo Evaluador Externo<\/td>\n<td>Interno<\/td>\n<\/tr>\n<tr>\n<td><strong>Alegaciones<\/strong><\/td>\n<td>Alumno (Vista del expediente)<\/td>\n<td>3 d\u00edas h\u00e1biles<\/td>\n<\/tr>\n<tr>\n<td><strong>Resoluci\u00f3n<\/strong><\/td>\n<td>Comit\u00e9 Acad\u00e9mico<\/td>\n<td>5 d\u00edas h\u00e1biles<\/td>\n<\/tr>\n<\/tbody>\n<\/table>\n<\/figure>\n<div class=\"wp-block-spacer\" style=\"height: 20px;\" aria-hidden=\"true\">\u00a0<\/div>\n<div class=\"wp-block-group has-border-color has-light-gray-solid-border-color has-white-background-color has-background\" style=\"border-style: solid; border-width: 1px; border-radius: 12px; padding: 30px;\">\n<h3 class=\"wp-block-heading has-text-color\" style=\"color: #1a1a1a; margin-top: 0;\">&#x1f4dd; Pasos para el env\u00edo<\/h3>\n<ol class=\"wp-block-list\" style=\"margin-bottom: 25px;\">\n<li><strong>Descarga<\/strong> el formulario oficial de solicitud.<\/li>\n<li><strong>Indica los motivos<\/strong> por los que solicitas la impugnaci\u00f3n de la nota.<\/li>\n<li><strong>Env\u00eda el PDF<\/strong> a: <a href=\"mailto:grados@edem.es\">grados@edem.es<\/a><\/li>\n<\/ol>\n<p class=\"has-text-color\" style=\"color: #2e7d32; font-size: 15px;\">&#x1f6e1;&#xfe0f; <strong>Garant\u00eda de no perjuicio:<\/strong> La resoluci\u00f3n nunca podr\u00e1 agravar tu situaci\u00f3n inicial; la nota solo podr\u00e1 mantenerse o subir.<\/p>\n<\/div>\n<div class=\"wp-block-spacer\" style=\"height: 40px;\" aria-hidden=\"true\">\u00a0<\/div>\n<div class=\"wp-block-columns\">\n<div class=\"wp-block-column\"><a style=\"display: block; background: #004a99; color: #ffffff; text-decoration: none; text-align: center; padding: 15px 25px; border-radius: 50px; font-weight: bold; box-shadow: 0 4px 6px rgba(0,0,0,0.1); transition: transform 0.2s;\" href=\"https:\/\/edem.eu\/wp-content\/uploads\/2026\/02\/Solicitud-Impugnacion.docx\" target=\"_blank\" rel=\"noopener\">&#x1f4e5; Descargar Solicitud (.docx)<\/a><\/div>\n<div class=\"wp-block-column\"><a style=\"display: block; background: #ffffff; color: #004a99; border: 2px solid #004a99; text-decoration: none; text-align: center; padding: 13px 25px; border-radius: 50px; font-weight: bold; transition: all 0.2s;\" href=\"https:\/\/edem.eu\/documentacion\/grados\/normativa\/Normativa-Sistema-evaluacion-CU-EDEM.pdf\">&#x1f4c4; Ver Normativa Completa<\/a><\/div>\n<\/div>\n\n\n<p><\/p>\n","protected":false},"featured_media":0,"template":"","cat_secretaria":[],"class_list":["post-73819","secretaria","type-secretaria","status-publish","hentry"],"acf":[],"yoast_head":"<!-- This site is optimized with the Yoast SEO plugin v27.5 - https:\/\/yoast.com\/product\/yoast-seo-wordpress\/ -->\n<title>Impugnaci\u00f3n de la calificaci\u00f3n de pruebas de s\u00edntesis - EDEM Escuela de Empresarios<\/title>\n<meta name=\"robots\" content=\"noindex, follow\" \/>\n<meta property=\"og:locale\" content=\"en_US\" \/>\n<meta property=\"og:type\" content=\"article\" \/>\n<meta property=\"og:title\" content=\"Impugnaci\u00f3n de la calificaci\u00f3n de pruebas de s\u00edntesis - EDEM Escuela de Empresarios\" \/>\n<meta property=\"og:description\" content=\"\u00bfNo est\u00e1s conforme con el resultado tras la revisi\u00f3n de tu examen? Aqu\u00ed tienes el procedimiento para solicitar la revisi\u00f3n de tu nota por parte del Comit\u00e9 de Evaluaci\u00f3n Acad\u00e9mica. &#x23f3; 1. Requisito y Plazo Para impugnar la calificaci\u00f3n, es imprescindible haber acudido previamente a la revisi\u00f3n de la prueba con el profesor. Tienes un [&hellip;]\" \/>\n<meta property=\"og:url\" content=\"https:\/\/edem.eu\/secretaria\/impugnacion-de-pruebas-de-sintesis-paso-a-paso\/\" \/>\n<meta property=\"og:site_name\" content=\"EDEM Escuela de Empresarios\" \/>\n<meta property=\"article:modified_time\" content=\"2026-02-02T07:53:37+00:00\" \/>\n<meta name=\"twitter:card\" content=\"summary_large_image\" \/>\n<meta name=\"twitter:label1\" content=\"Est. reading time\" \/>\n\t<meta name=\"twitter:data1\" content=\"1 minute\" \/>\n<!-- \/ Yoast SEO plugin. -->","yoast_head_json":{"title":"Impugnaci\u00f3n de la calificaci\u00f3n de pruebas de s\u00edntesis - EDEM Escuela de Empresarios","robots":{"index":"noindex","follow":"follow"},"og_locale":"en_US","og_type":"article","og_title":"Impugnaci\u00f3n de la calificaci\u00f3n de pruebas de s\u00edntesis - EDEM Escuela de Empresarios","og_description":"\u00bfNo est\u00e1s conforme con el resultado tras la revisi\u00f3n de tu examen? Aqu\u00ed tienes el procedimiento para solicitar la revisi\u00f3n de tu nota por parte del Comit\u00e9 de Evaluaci\u00f3n Acad\u00e9mica. &#x23f3; 1. Requisito y Plazo Para impugnar la calificaci\u00f3n, es imprescindible haber acudido previamente a la revisi\u00f3n de la prueba con el profesor. Tienes un [&hellip;]","og_url":"https:\/\/edem.eu\/secretaria\/impugnacion-de-pruebas-de-sintesis-paso-a-paso\/","og_site_name":"EDEM Escuela de Empresarios","article_modified_time":"2026-02-02T07:53:37+00:00","twitter_card":"summary_large_image","twitter_misc":{"Est. reading time":"1 minute"},"schema":{"@context":"https:\/\/schema.org","@graph":[{"@type":"WebPage","@id":"https:\/\/edem.eu\/secretaria\/impugnacion-de-pruebas-de-sintesis-paso-a-paso\/","url":"https:\/\/edem.eu\/secretaria\/impugnacion-de-pruebas-de-sintesis-paso-a-paso\/","name":"Impugnaci\u00f3n de la calificaci\u00f3n de pruebas de s\u00edntesis - EDEM Escuela de Empresarios","isPartOf":{"@id":"https:\/\/edem.eu\/#website"},"datePublished":"2026-02-02T07:43:46+00:00","dateModified":"2026-02-02T07:53:37+00:00","breadcrumb":{"@id":"https:\/\/edem.eu\/secretaria\/impugnacion-de-pruebas-de-sintesis-paso-a-paso\/#breadcrumb"},"inLanguage":"en-US","potentialAction":[{"@type":"ReadAction","target":["https:\/\/edem.eu\/secretaria\/impugnacion-de-pruebas-de-sintesis-paso-a-paso\/"]}]},{"@type":"BreadcrumbList","@id":"https:\/\/edem.eu\/secretaria\/impugnacion-de-pruebas-de-sintesis-paso-a-paso\/#breadcrumb","itemListElement":[{"@type":"ListItem","position":1,"name":"Portada","item":"https:\/\/edem.eu\/en\/"},{"@type":"ListItem","position":2,"name":"Impugnaci\u00f3n de la calificaci\u00f3n de pruebas de s\u00edntesis"}]},{"@type":"WebSite","@id":"https:\/\/edem.eu\/#website","url":"https:\/\/edem.eu\/","name":"EDEM Escuela de Empresarios","description":"","publisher":{"@id":"https:\/\/edem.eu\/#organization"},"potentialAction":[{"@type":"SearchAction","target":{"@type":"EntryPoint","urlTemplate":"https:\/\/edem.eu\/?s={search_term_string}"},"query-input":{"@type":"PropertyValueSpecification","valueRequired":true,"valueName":"search_term_string"}}],"inLanguage":"en-US"},{"@type":"Organization","@id":"https:\/\/edem.eu\/#organization","name":"EDEM Escuela de Empresarios","url":"https:\/\/edem.eu\/","logo":{"@type":"ImageObject","inLanguage":"en-US","@id":"https:\/\/edem.eu\/#\/schema\/logo\/image\/","url":"https:\/\/edem.eu\/wp-content\/uploads\/2019\/09\/cropped-logo-Edem.png","contentUrl":"https:\/\/edem.eu\/wp-content\/uploads\/2019\/09\/cropped-logo-Edem.png","width":107,"height":25,"caption":"EDEM Escuela de Empresarios"},"image":{"@id":"https:\/\/edem.eu\/#\/schema\/logo\/image\/"}}]}},"_links":{"self":[{"href":"https:\/\/edem.eu\/en\/wp-json\/wp\/v2\/secretaria\/73819","targetHints":{"allow":["GET"]}}],"collection":[{"href":"https:\/\/edem.eu\/en\/wp-json\/wp\/v2\/secretaria"}],"about":[{"href":"https:\/\/edem.eu\/en\/wp-json\/wp\/v2\/types\/secretaria"}],"wp:attachment":[{"href":"https:\/\/edem.eu\/en\/wp-json\/wp\/v2\/media?parent=73819"}],"wp:term":[{"taxonomy":"cat_secretaria","embeddable":true,"href":"https:\/\/edem.eu\/en\/wp-json\/wp\/v2\/cat_secretaria?post=73819"}],"curies":[{"name":"wp","href":"https:\/\/api.w.org\/{rel}","templated":true}]}}

Impugnación de la calificación de pruebas de síntesis

<p>¿No estás conforme con el resultado tras la revisión de tu examen? Aquí tienes el procedimiento para solicitar la revisión de tu nota por parte del <strong>Comité de Evaluación Académica</strong>.</p>
<hr class="wp-block-separator has-alpha-channel-opacity is-style-wide" />
<h3 class="wp-block-heading">&#x23f3; 1. Requisito y Plazo</h3>
<p>Para impugnar la calificación, es <strong>imprescindible haber acudido previamente a la revisión</strong> de la prueba con el profesor. Tienes un plazo de <strong>3 días hábiles</strong> desde dicha revisión para presentar la solicitud.</p>
<blockquote class="wp-block-quote is-style-plain">
<p><em>Nota: Este proceso es exclusivo para pruebas de síntesis (no aplica a evaluación continua).</em></p>
</blockquote>
<h3 class="wp-block-heading">&#x1f680; 2. El Proceso de Garantía</h3>
<figure class="wp-block-table is-style-stripes">
<table class="has-fixed-layout">
<thead>
<tr>
<td><strong>Fase</strong></td>
<td><strong>Responsable</strong></td>
<td><strong>Plazo</strong></td>
</tr>
</thead>
<tbody>
<tr>
<td><strong>Solicitud</strong></td>
<td>Alumno (Motivada + PDF)</td>
<td>3 días hábiles</td>
</tr>
<tr>
<td><strong>Informe</strong></td>
<td>Profesor Responsable</td>
<td>5 días hábiles</td>
</tr>
<tr>
<td><strong>Contraste</strong></td>
<td>Segundo Evaluador Externo</td>
<td>Interno</td>
</tr>
<tr>
<td><strong>Alegaciones</strong></td>
<td>Alumno (Vista del expediente)</td>
<td>3 días hábiles</td>
</tr>
<tr>
<td><strong>Resolución</strong></td>
<td>Comité Académico</td>
<td>5 días hábiles</td>
</tr>
</tbody>
</table>
</figure>
<div class="wp-block-spacer" style="height: 20px;" aria-hidden="true"> </div>
<div class="wp-block-group has-border-color has-light-gray-solid-border-color has-white-background-color has-background" style="border-style: solid; border-width: 1px; border-radius: 12px; padding: 30px;">
<h3 class="wp-block-heading has-text-color" style="color: #1a1a1a; margin-top: 0;">&#x1f4dd; Pasos para el envío</h3>
<ol class="wp-block-list" style="margin-bottom: 25px;">
<li><strong>Descarga</strong> el formulario oficial de solicitud.</li>
<li><strong>Indica los motivos</strong> por los que solicitas la impugnación de la nota.</li>
<li><strong>Envía el PDF</strong> a: <a href="mailto:grados@edem.es">grados@edem.es</a></li>
</ol>
<p class="has-text-color" style="color: #2e7d32; font-size: 15px;">&#x1f6e1;&#xfe0f; <strong>Garantía de no perjuicio:</strong> La resolución nunca podrá agravar tu situación inicial; la nota solo podrá mantenerse o subir.</p>
</div>
<div class="wp-block-spacer" style="height: 40px;" aria-hidden="true"> </div>
<div class="wp-block-columns">
<div class="wp-block-column"><a style="display: block; background: #004a99; color: #ffffff; text-decoration: none; text-align: center; padding: 15px 25px; border-radius: 50px; font-weight: bold; box-shadow: 0 4px 6px rgba(0,0,0,0.1); transition: transform 0.2s;" href="https://edem.eu/wp-content/uploads/2026/02/Solicitud-Impugnacion.docx" target="_blank" rel="noopener">&#x1f4e5; Descargar Solicitud (.docx)</a></div>
<div class="wp-block-column"><a style="display: block; background: #ffffff; color: #004a99; border: 2px solid #004a99; text-decoration: none; text-align: center; padding: 13px 25px; border-radius: 50px; font-weight: bold; transition: all 0.2s;" href="https://edem.eu/documentacion/grados/normativa/Normativa-Sistema-evaluacion-CU-EDEM.pdf">&#x1f4c4; Ver Normativa Completa</a></div>
</div>


<p></p>

<!-- This site is optimized with the Yoast SEO plugin v27.5 - https://yoast.com/product/yoast-seo-wordpress/ -->
<title>Impugnación de la calificación de pruebas de síntesis - EDEM Escuela de Empresarios</title>
<meta name="robots" content="noindex, follow" />
<meta property="og:locale" content="en_US" />
<meta property="og:type" content="article" />
<meta property="og:title" content="Impugnación de la calificación de pruebas de síntesis - EDEM Escuela de Empresarios" />
<meta property="og:description" content="¿No estás conforme con el resultado tras la revisión de tu examen? Aquí tienes el procedimiento para solicitar la revisión de tu nota por parte del Comité de Evaluación Académica. &#x23f3; 1. Requisito y Plazo Para impugnar la calificación, es imprescindible haber acudido previamente a la revisión de la prueba con el profesor. Tienes un [&hellip;]" />
<meta property="og:url" content="https://edem.eu/secretaria/impugnacion-de-pruebas-de-sintesis-paso-a-paso/" />
<meta property="og:site_name" content="EDEM Escuela de Empresarios" />
<meta property="article:modified_time" content="2026-02-02T07:53:37+00:00" />
<meta name="twitter:card" content="summary_large_image" />
<meta name="twitter:label1" content="Est. reading time" />
	<meta name="twitter:data1" content="1 minute" />
<!-- / Yoast SEO plugin. -->

Impugnación de la calificación de pruebas de síntesis - EDEM Escuela de Empresarios

¿No estás conforme con el resultado tras la revisión de tu examen? Aquí tienes el procedimiento para solicitar la revisión de tu nota por parte del Comité de Evaluación Académica. &#x23f3; 1. Requisito y Plazo Para impugnar la calificación, es imprescindible haber acudido previamente a la revisión de la prueba con el profesor. Tienes un [&hellip;]
